CRAN Package Check Results for Package timelineS

Last updated on 2021-10-27 13:08:15 CEST.

Flavor Version Tinstall Tcheck Ttotal Status Flags
r-devel-linux-x86_64-debian-clang 0.1.1 4.31 55.84 60.15 OK
r-devel-linux-x86_64-debian-gcc 0.1.1 3.96 41.43 45.39 OK
r-devel-linux-x86_64-fedora-clang 0.1.1 81.01 NOTE
r-devel-linux-x86_64-fedora-gcc 0.1.1 69.64 NOTE
r-devel-windows-x86_64 0.1.1 9.00 59.00 68.00 OK
r-devel-windows-x86_64-gcc10-UCRT 0.1.1 NOTE
r-patched-linux-x86_64 0.1.1 4.45 51.89 56.34 OK
r-patched-solaris-x86 0.1.1 99.40 NOTE
r-release-linux-x86_64 0.1.1 4.70 51.51 56.21 OK
r-release-macos-arm64 0.1.1 NOTE
r-release-macos-x86_64 0.1.1 NOTE
r-release-windows-ix86+x86_64 0.1.1 10.00 77.00 87.00 OK
r-oldrel-macos-x86_64 0.1.1 NOTE
r-oldrel-windows-ix86+x86_64 0.1.1 13.00 82.00 95.00 OK

Check Details

Version: 0.1.1
Check: dependencies in R code
Result: NOTE
    Namespace in Imports field not imported from: ‘base’
     All declared Imports should be used.
Flavors: r-devel-linux-x86_64-fedora-clang, r-devel-linux-x86_64-fedora-gcc, r-devel-windows-x86_64-gcc10-UCRT, r-patched-solaris-x86, r-release-macos-arm64, r-release-macos-x86_64, r-oldrel-macos-x86_64