CRAN Package Check Results for Package timetk

Last updated on 2021-10-26 12:54:41 CEST.

Flavor Version Tinstall Tcheck Ttotal Status Flags
r-devel-linux-x86_64-debian-clang 2.6.1 22.58 340.98 363.56 OK
r-devel-linux-x86_64-debian-gcc 2.6.1 18.32 244.16 262.48 OK
r-devel-linux-x86_64-fedora-clang 2.6.1 432.00 NOTE
r-devel-linux-x86_64-fedora-gcc 2.6.1 420.17 NOTE
r-devel-windows-x86_64 2.6.1 34.00 423.00 457.00 OK
r-devel-windows-x86_64-gcc10-UCRT 2.6.1 NOTE
r-patched-linux-x86_64 2.6.1 29.97 319.73 349.70 OK
r-patched-solaris-x86 2.6.1 453.90 NOTE
r-release-linux-x86_64 2.6.1 19.53 318.42 337.95 OK
r-release-macos-arm64 2.6.1 NOTE
r-release-macos-x86_64 2.6.1 NOTE
r-release-windows-ix86+x86_64 2.6.1 30.00 414.00 444.00 OK
r-oldrel-macos-x86_64 2.6.1 NOTE
r-oldrel-windows-ix86+x86_64 2.6.1 47.00 411.00 458.00 OK

Check Details

Version: 2.6.1
Check: package dependencies
Result: NOTE
    Imports includes 25 non-default packages.
    Importing from so many packages makes the package vulnerable to any of
    them becoming unavailable. Move as many as possible to Suggests and
    use conditionally.
Flavor: r-devel-linux-x86_64-fedora-clang

Version: 2.6.1
Check: dependencies in R code
Result: NOTE
    Namespace in Imports field not imported from: ‘generics’
     All declared Imports should be used.
Flavors: r-devel-linux-x86_64-fedora-clang, r-devel-linux-x86_64-fedora-gcc, r-devel-windows-x86_64-gcc10-UCRT, r-patched-solaris-x86, r-release-macos-arm64, r-release-macos-x86_64, r-oldrel-macos-x86_64

Version: 2.6.1
Check: data for non-ASCII characters
Result: NOTE
     Note: found 2750 marked UTF-8 strings
Flavors: r-devel-linux-x86_64-fedora-clang, r-devel-linux-x86_64-fedora-gcc, r-devel-windows-x86_64-gcc10-UCRT, r-patched-solaris-x86, r-release-macos-arm64, r-release-macos-x86_64, r-oldrel-macos-x86_64

Version: 2.6.1
Check: installed package size
Result: NOTE
     installed size is 5.1Mb
     sub-directories of 1Mb or more:
     doc 2.4Mb
     help 1.7Mb
Flavor: r-patched-solaris-x86