CRAN Package Check Results for Package tinytest

Last updated on 2021-09-22 08:50:35 CEST.

Flavor Version Tinstall Tcheck Ttotal Status Flags
r-devel-linux-x86_64-debian-clang 1.3.1 3.13 45.19 48.32 OK
r-devel-linux-x86_64-debian-gcc 1.3.1 2.78 35.33 38.11 OK
r-devel-linux-x86_64-fedora-clang 1.3.1 66.19 OK
r-devel-linux-x86_64-fedora-gcc 1.3.1 55.69 OK
r-devel-windows-x86_64 1.3.1 5.00 58.00 63.00 OK
r-devel-windows-x86_64-gcc10-UCRT 1.3.1 ERROR
r-patched-linux-x86_64 1.3.1 3.97 44.03 48.00 OK
r-patched-solaris-x86 1.3.1 83.60 OK
r-release-linux-x86_64 1.3.1 3.56 44.23 47.79 OK
r-release-macos-arm64 1.3.1 OK
r-release-macos-x86_64 1.3.1 OK
r-release-windows-ix86+x86_64 1.3.1 7.00 56.00 63.00 OK
r-oldrel-macos-x86_64 1.3.1 OK
r-oldrel-windows-ix86+x86_64 1.3.1 5.00 53.00 58.00 OK

Check Details

Version: 1.3.1
Check: PDF version of manual
Result: WARN
    LaTeX errors when creating PDF version.
    This typically indicates Rd problems.
Flavor: r-devel-windows-x86_64-gcc10-UCRT

Version: 1.3.1
Check: PDF version of manual without hyperrefs or index
Result: ERROR
    Re-running with no redirection of stdout/stderr.
Flavor: r-devel-windows-x86_64-gcc10-UCRT