CRAN Package Check Results for Package tm.plugin.alceste

Last updated on 2024-02-22 00:58:44 CET.

Flavor Version Tinstall Tcheck Ttotal Status Flags
r-devel-linux-x86_64-debian-clang 1.1 NOTE
r-devel-linux-x86_64-debian-gcc 1.1 2.78 25.32 28.10 NOTE
r-devel-linux-x86_64-fedora-clang 1.1 44.84 NOTE
r-devel-linux-x86_64-fedora-gcc 1.1 43.16 NOTE
r-devel-windows-x86_64 1.1 4.00 46.00 50.00 NOTE
r-patched-linux-x86_64 1.1 6.59 32.80 39.39 OK
r-release-linux-x86_64 1.1 3.65 30.89 34.54 OK
r-release-macos-arm64 1.1 19.00 OK
r-release-macos-x86_64 1.1 24.00 OK
r-release-windows-x86_64 1.1 5.00 48.00 53.00 OK
r-oldrel-macos-arm64 1.1 19.00 OK
r-oldrel-windows-x86_64 1.1 5.00 54.00 59.00 OK

Check Details

Version: 1.1
Check: Rd metadata
Result: NOTE Invalid package aliases in Rd file 'tm.plugin.alceste-package.Rd': ‘tm.plugin.europresse-package’ Flavors: r-devel-linux-x86_64-debian-clang, r-devel-linux-x86_64-debian-gcc, r-devel-linux-x86_64-fedora-clang, r-devel-linux-x86_64-fedora-gcc, r-devel-windows-x86_64