CRAN Package Check Results for Package tmap

Last updated on 2021-09-23 00:49:08 CEST.

Flavor Version Tinstall Tcheck Ttotal Status Flags
r-devel-linux-x86_64-debian-clang 3.3-2 28.88 275.77 304.65 OK
r-devel-linux-x86_64-debian-gcc 3.3-2 23.76 202.10 225.86 OK
r-devel-linux-x86_64-fedora-clang 3.3-2 371.25 OK
r-devel-linux-x86_64-fedora-gcc 3.3-2 359.47 OK
r-devel-windows-x86_64 3.3-2 29.00 261.00 290.00 OK
r-devel-windows-x86_64-gcc10-UCRT 3.3-2 ERROR
r-patched-linux-x86_64 3.3-2 32.77 267.01 299.78 OK
r-patched-solaris-x86 3.3-2 365.00 ERROR
r-release-linux-x86_64 3.3-2 30.65 267.05 297.70 OK
r-release-macos-arm64 3.3-2 OK
r-release-macos-x86_64 3.3-2 OK
r-release-windows-ix86+x86_64 3.3-2 60.00 259.00 319.00 OK
r-oldrel-macos-x86_64 3.3-2 OK
r-oldrel-windows-ix86+x86_64 3.3-2 39.00 254.00 293.00 OK

Check Details

Version: 3.3-2
Check: package dependencies
Result: ERROR
    Packages required but not available:
     'tmaptools', 'sf', 'stars', 'units', 'leaflet', 'leafsync', 'leafem'
    
    Packages suggested but not available for checking:
     'rmapshaper', 'png', 'cartogram', 'osmdata'
    
    See section 'The DESCRIPTION file' in the 'Writing R Extensions'
    manual.
Flavor: r-devel-windows-x86_64-gcc10-UCRT

Version: 3.3-2
Check: package dependencies
Result: NOTE
    Packages suggested but not available for checking: 'av', 'gifski'
Flavor: r-patched-solaris-x86

Version: 3.3-2
Check: examples
Result: ERROR
    Running examples in ‘tmap-Ex.R’ failed
    The error most likely occurred in:
    
    > ### Name: tm_xlab
    > ### Title: Axis labels
    > ### Aliases: tm_xlab tm_ylab
    >
    > ### ** Examples
    >
    > data(World)
    >
    > qtm(World, fill="#FFF8DC", projection=4326, inner.margins=0) +
    + tm_grid(x = seq(-180, 180, by=20), y=seq(-90,90,by=10), col = "gray70") +
    + tm_xlab("Longitude") +
    + tm_ylab("Latitude")
    Warning in CPL_transform(x, crs, aoi, pipeline, reverse, desired_accuracy, :
     GDAL Error 1: No PROJ.4 translation for source SRS, coordinate transformation initialization has failed.
    Error in CPL_transform(x, crs, aoi, pipeline, reverse, desired_accuracy, :
     OGRCreateCoordinateTransformation() returned NULL: PROJ available?
    Calls: <Anonymous> ... st_transform.sfc -> st_sfc -> structure -> CPL_transform
    Execution halted
Flavor: r-patched-solaris-x86

Version: 3.3-2
Check: re-building of vignette outputs
Result: WARN
    Error(s) in re-building vignettes:
     ...
    --- re-building ‘tmap-JSS-code.Rmd’ using rmarkdown
    Warning in engine$weave(file, quiet = quiet, encoding = enc) :
     Pandoc (>= 1.12.3) not available. Falling back to R Markdown v1.
    --- finished re-building ‘tmap-JSS-code.Rmd’
    
    --- re-building ‘tmap-changes.Rmd’ using rmarkdown
    Warning in engine$weave(file, quiet = quiet, encoding = enc) :
     Pandoc (>= 1.12.3) not available. Falling back to R Markdown v1.
    Linking to GEOS 3.9.1, GDAL 2.4.4, PROJ 5.2.0
    --- finished re-building ‘tmap-changes.Rmd’
    
    --- re-building ‘tmap-getstarted.Rmd’ using rmarkdown
    Warning in engine$weave(file, quiet = quiet, encoding = enc) :
     Pandoc (>= 1.12.3) not available. Falling back to R Markdown v1.
    Quitting from lines 68-79 (tmap-getstarted.Rmd)
    Error: processing vignette 'tmap-getstarted.Rmd' failed with diagnostics:
    OGRCreateCoordinateTransformation() returned NULL: PROJ available?
    --- failed re-building ‘tmap-getstarted.Rmd’
    
    SUMMARY: processing the following file failed:
     ‘tmap-getstarted.Rmd’
    
    Error: Vignette re-building failed.
    Execution halted
Flavor: r-patched-solaris-x86