CRAN Package Check Results for Package tmaptools

Last updated on 2021-09-21 04:55:41 CEST.

Flavor Version Tinstall Tcheck Ttotal Status Flags
r-devel-linux-x86_64-debian-clang 3.1-1 6.44 90.53 96.97 NOTE
r-devel-linux-x86_64-debian-gcc 3.1-1 5.73 66.84 72.57 NOTE
r-devel-linux-x86_64-fedora-clang 3.1-1 124.97 NOTE
r-devel-linux-x86_64-fedora-gcc 3.1-1 112.48 NOTE
r-devel-windows-x86_64 3.1-1 10.00 97.00 107.00 NOTE
r-devel-windows-x86_64-gcc10-UCRT 3.1-1 ERROR
r-patched-linux-x86_64 3.1-1 7.39 84.13 91.52 NOTE
r-patched-solaris-x86 3.1-1 153.60 ERROR
r-release-linux-x86_64 3.1-1 7.56 83.14 90.70 NOTE
r-release-macos-arm64 3.1-1 NOTE
r-release-macos-x86_64 3.1-1 NOTE
r-release-windows-ix86+x86_64 3.1-1 20.00 88.00 108.00 NOTE
r-oldrel-macos-x86_64 3.1-1 OK
r-oldrel-windows-ix86+x86_64 3.1-1 20.00 90.00 110.00 OK

Check Details

Version: 3.1-1
Check: LazyData
Result: NOTE
     'LazyData' is specified without a 'data' directory
Flavors: r-devel-linux-x86_64-debian-clang, r-devel-linux-x86_64-debian-gcc, r-devel-linux-x86_64-fedora-clang, r-devel-linux-x86_64-fedora-gcc, r-devel-windows-x86_64, r-patched-linux-x86_64, r-patched-solaris-x86, r-release-linux-x86_64, r-release-macos-arm64, r-release-macos-x86_64, r-release-windows-ix86+x86_64

Version: 3.1-1
Check: Rd cross-references
Result: NOTE
    Undeclared package ‘sp’ in Rd xrefs
Flavor: r-devel-linux-x86_64-fedora-clang

Version: 3.1-1
Check: package dependencies
Result: ERROR
    Package required but not available: 'XML'
    
    Package suggested but not available for checking: 'tmap'
    
    See section 'The DESCRIPTION file' in the 'Writing R Extensions'
    manual.
Flavor: r-devel-windows-x86_64-gcc10-UCRT

Version: 3.1-1
Check: examples
Result: ERROR
    Running examples in ‘tmaptools-Ex.R’ failed
    The error most likely occurred in:
    
    > ### Name: crop_shape
    > ### Title: Crop shape object
    > ### Aliases: crop_shape
    >
    > ### ** Examples
    >
    > if (require(tmap) && packageVersion("tmap") >= "2.0") {
    + data(World, NLD_muni, land, metro)
    +
    + #land_NLD <- crop_shape(land, NLD_muni)
    +
    + #qtm(land_NLD, raster="trees", style="natural")
    +
    + metro_Europe <- crop_shape(metro, World[World$continent == "Europe", ], polygon = TRUE)
    +
    + qtm(World) +
    + tm_shape(metro_Europe) +
    + tm_bubbles("pop2010", col="red", title.size="European cities") +
    + tm_legend(frame=TRUE)
    + }
    Loading required package: tmap
    old-style crs object detected; please recreate object with a recent sf::st_crs()
    Warning in CPL_transform(x, crs, aoi, pipeline, reverse, desired_accuracy, :
     GDAL Error 1: No PROJ.4 translation for source SRS, coordinate transformation initialization has failed.
    Error in CPL_transform(x, crs, aoi, pipeline, reverse, desired_accuracy, :
     OGRCreateCoordinateTransformation() returned NULL: PROJ available?
    Calls: crop_shape ... st_transform.sfc -> st_sfc -> structure -> CPL_transform
    Execution halted
Flavor: r-patched-solaris-x86