Last updated on 2023-12-03 08:50:26 CET.
Flavor | Version | Tinstall | Tcheck | Ttotal | Status | Flags |
---|---|---|---|---|---|---|
r-devel-linux-x86_64-debian-clang | 1.0.91 | 138.05 | 177.26 | 315.31 | NOTE | |
r-devel-linux-x86_64-debian-gcc | 1.0.91 | 107.65 | 136.47 | 244.12 | NOTE | |
r-devel-linux-x86_64-fedora-clang | 1.0.91 | 371.88 | NOTE | |||
r-devel-linux-x86_64-fedora-gcc | 1.0.91 | 456.35 | NOTE | |||
r-devel-windows-x86_64 | 1.0.91 | 108.00 | 150.00 | 258.00 | NOTE | |
r-patched-linux-x86_64 | 1.0.91 | 99.18 | 178.42 | 277.60 | NOTE | |
r-release-linux-x86_64 | 1.0.91 | 99.83 | 178.96 | 278.79 | NOTE | |
r-release-macos-arm64 | 1.0.91 | 84.00 | NOTE | |||
r-release-macos-x86_64 | 1.0.91 | 214.00 | NOTE | |||
r-release-windows-x86_64 | 1.0.91 | 138.00 | 187.00 | 325.00 | NOTE | |
r-oldrel-macos-arm64 | 1.0.91 | 83.00 | NOTE | |||
r-oldrel-macos-x86_64 | 1.0.91 | 133.00 | NOTE | |||
r-oldrel-windows-x86_64 | 1.0.91 | 127.00 | 174.00 | 301.00 | NOTE |
Version: 1.0.91
Check: for GNU extensions in Makefiles
Result: NOTE
GNU make is a SystemRequirements.
Flavors: r-devel-linux-x86_64-debian-clang, r-devel-linux-x86_64-debian-gcc, r-devel-linux-x86_64-fedora-clang, r-devel-linux-x86_64-fedora-gcc, r-devel-windows-x86_64, r-patched-linux-x86_64, r-release-linux-x86_64, r-release-macos-arm64, r-release-macos-x86_64, r-release-windows-x86_64, r-oldrel-macos-arm64, r-oldrel-macos-x86_64, r-oldrel-windows-x86_64
Version: 1.0.91
Check: installed package size
Result: NOTE
installed size is 29.1Mb
sub-directories of 1Mb or more:
libs 28.8Mb
Flavors: r-release-macos-arm64, r-release-macos-x86_64, r-oldrel-macos-arm64, r-oldrel-macos-x86_64