Last updated on 2023-12-08 00:52:12 CET.
Flavor | Version | Tinstall | Tcheck | Ttotal | Status | Flags |
---|---|---|---|---|---|---|
r-devel-linux-x86_64-debian-clang | 0.50.13 | 14.13 | 158.68 | 172.81 | NOTE | |
r-devel-linux-x86_64-debian-gcc | 0.50.13 | 8.70 | 119.53 | 128.23 | NOTE | |
r-devel-linux-x86_64-fedora-clang | 0.50.13 | 214.28 | NOTE | |||
r-devel-linux-x86_64-fedora-gcc | 0.50.13 | 209.34 | NOTE | |||
r-devel-windows-x86_64 | 0.50.13 | 10.00 | 145.00 | 155.00 | OK | |
r-patched-linux-x86_64 | 0.50.13 | 7.65 | 153.34 | 160.99 | OK | |
r-release-linux-x86_64 | 0.50.13 | 7.09 | 150.16 | 157.25 | OK | |
r-release-macos-arm64 | 0.50.13 | 74.00 | OK | |||
r-release-macos-x86_64 | 0.50.13 | 112.00 | OK | |||
r-release-windows-x86_64 | 0.50.13 | 14.00 | 177.00 | 191.00 | OK | |
r-oldrel-macos-arm64 | 0.50.13 | 80.00 | OK | |||
r-oldrel-macos-x86_64 | 0.50.13 | 93.00 | OK | |||
r-oldrel-windows-x86_64 | 0.50.13 | 16.00 | 172.00 | 188.00 | OK |
Version: 0.50.13
Check: Rd files
Result: NOTE
checkRd: (-1) pvalEffectPlot.Rd:90: Lost braces in \itemize; meant \describe ?
checkRd: (-1) pvalEffectPlot.Rd:91: Lost braces in \itemize; meant \describe ?
checkRd: (-1) pvalEffectPlot.Rd:92: Lost braces in \itemize; meant \describe ?
checkRd: (-1) pvalEffectPlot.Rd:93: Lost braces in \itemize; meant \describe ?
checkRd: (-1) pvalEffectPlot.Rd:94: Lost braces in \itemize; meant \describe ?
Flavors: r-devel-linux-x86_64-debian-clang, r-devel-linux-x86_64-debian-gcc
Version: 0.50.13
Check: data for non-ASCII characters
Result: NOTE
Note: found 1 marked UTF-8 string
Flavors: r-devel-linux-x86_64-fedora-clang, r-devel-linux-x86_64-fedora-gcc