Last updated on 2024-04-26 08:55:18 CEST.
Flavor | Version | Tinstall | Tcheck | Ttotal | Status | Flags |
---|---|---|---|---|---|---|
r-devel-linux-x86_64-debian-clang | 1.0-2 | 3.14 | 19.65 | 22.79 | OK | |
r-devel-linux-x86_64-debian-gcc | 1.0-2 | 2.37 | 15.53 | 17.90 | OK | |
r-devel-linux-x86_64-fedora-clang | 1.0-2 | 29.46 | NOTE | |||
r-devel-linux-x86_64-fedora-gcc | 1.0-2 | 28.19 | NOTE | |||
r-devel-windows-x86_64 | 1.0-2 | 5.00 | 43.00 | 48.00 | OK | |
r-patched-linux-x86_64 | 1.0-2 | 2.59 | 19.47 | 22.06 | OK | |
r-release-linux-x86_64 | 1.0-2 | 2.67 | 19.09 | 21.76 | OK | |
r-release-macos-arm64 | 1.0-2 | 18.00 | OK | |||
r-release-windows-x86_64 | 1.0-2 | 5.00 | 43.00 | 48.00 | OK | |
r-oldrel-macos-arm64 | 1.0-2 | 17.00 | OK | |||
r-oldrel-macos-x86_64 | 1.0-2 | 22.00 | OK | |||
r-oldrel-windows-x86_64 | 1.0-2 | 6.00 | 43.00 | 49.00 | OK |
Version: 1.0-2
Check: compiled code
Result: NOTE
File ‘tmvnsim/libs/tmvnsim.so’:
Found no calls to: ‘R_registerRoutines’, ‘R_useDynamicSymbols’
It is good practice to register native routines and to disable symbol
search.
See ‘Writing portable packages’ in the ‘Writing R Extensions’ manual.
Flavors: r-devel-linux-x86_64-fedora-clang, r-devel-linux-x86_64-fedora-gcc