CRAN Package Check Results for Package toOrdinal

Last updated on 2021-10-22 12:59:32 CEST.

Flavor Version Tinstall Tcheck Ttotal Status Flags
r-devel-linux-x86_64-debian-clang 1.1-0.0 2.36 27.06 29.42 OK
r-devel-linux-x86_64-debian-gcc 1.1-0.0 1.80 21.58 23.38 OK
r-devel-linux-x86_64-fedora-clang 1.1-0.0 46.96 OK
r-devel-linux-x86_64-fedora-gcc 1.1-0.0 36.69 OK
r-devel-windows-x86_64 1.1-0.0 4.00 40.00 44.00 OK
r-devel-windows-x86_64-gcc10-UCRT 1.1-0.0 OK
r-patched-linux-x86_64 1.1-0.0 2.32 26.24 28.56 OK
r-patched-solaris-x86 1.1-0.0 56.10 OK
r-release-linux-x86_64 1.1-0.0 2.22 26.43 28.65 OK
r-release-macos-arm64 1.1-0.0 OK
r-release-macos-x86_64 1.1-0.0 WARN
r-release-windows-ix86+x86_64 1.1-0.0 6.00 46.00 52.00 OK
r-oldrel-macos-x86_64 1.1-0.0 WARN
r-oldrel-windows-ix86+x86_64 1.1-0.0 13.00 45.00 58.00 OK

Check Details

Version: 1.1-0.0
Check: re-building of vignette outputs
Result: WARN
    Error(s) in re-building vignettes:
     ...
    --- re-building ‘toOrdinal.Rmd’ using rmarkdown
    Warning in engine$weave(file, quiet = quiet, encoding = enc) :
     Pandoc (>= 1.12.3) not available. Falling back to R Markdown v1.
    Quitting from lines 13-26 (toOrdinal.Rmd)
    Error: processing vignette 'toOrdinal.Rmd' failed with diagnostics:
    argument is of length zero
    --- failed re-building ‘toOrdinal.Rmd’
    
    SUMMARY: processing the following file failed:
     ‘toOrdinal.Rmd’
    
    Error: Vignette re-building failed.
    Execution halted
Flavor: r-release-macos-x86_64

Version: 1.1-0.0
Check: re-building of vignette outputs
Result: WARN
    Error(s) in re-building vignettes:
     ...
    --- re-building ‘toOrdinal.Rmd’ using rmarkdown
    Warning in engine$weave(file, quiet = quiet, encoding = enc) :
     Pandoc (>= 1.12.3) and/or pandoc-citeproc not available. Falling back to R Markdown v1.
    Quitting from lines 13-26 (toOrdinal.Rmd)
    Error: processing vignette 'toOrdinal.Rmd' failed with diagnostics:
    argument is of length zero
    --- failed re-building ‘toOrdinal.Rmd’
    
    SUMMARY: processing the following file failed:
     ‘toOrdinal.Rmd’
    
    Error: Vignette re-building failed.
    Execution halted
Flavor: r-oldrel-macos-x86_64