Last updated on 2024-03-28 00:00:00 CET.
Flavor | Version | Tinstall | Tcheck | Ttotal | Status | Flags |
---|---|---|---|---|---|---|
r-devel-linux-x86_64-debian-clang | 0.3.0 | 33.62 | 47.45 | 81.07 | OK | |
r-devel-linux-x86_64-debian-gcc | 0.3.0 | 25.95 | 36.84 | 62.79 | OK | |
r-devel-linux-x86_64-fedora-clang | 0.3.0 | 110.54 | NOTE | |||
r-devel-linux-x86_64-fedora-gcc | 0.3.0 | 124.06 | NOTE | |||
r-devel-windows-x86_64 | 0.3.0 | 25.00 | 78.00 | 103.00 | OK | |
r-patched-linux-x86_64 | 0.3.0 | 35.15 | 43.74 | 78.89 | OK | |
r-release-linux-x86_64 | 0.3.0 | 32.80 | 44.57 | 77.37 | OK | |
r-release-macos-arm64 | 0.3.0 | 41.00 | OK | |||
r-release-macos-x86_64 | 0.3.0 | 61.00 | OK | |||
r-release-windows-x86_64 | 0.3.0 | 29.00 | 86.00 | 115.00 | OK | |
r-oldrel-macos-arm64 | 0.3.0 | 37.00 | OK | |||
r-oldrel-windows-x86_64 | 0.3.0 | 29.00 | 84.00 | 113.00 | OK |
Version: 0.3.0
Check: data for non-ASCII characters
Result: NOTE
Note: found 1 marked UTF-8 string
Flavors: r-devel-linux-x86_64-fedora-clang, r-devel-linux-x86_64-fedora-gcc