Last updated on 2024-04-19 16:59:00 CEST.
Flavor | Version | Tinstall | Tcheck | Ttotal | Status | Flags |
---|---|---|---|---|---|---|
r-devel-linux-x86_64-debian-clang | 1.0.2 | 47.06 | 31.23 | 78.29 | OK | |
r-devel-linux-x86_64-debian-gcc | 1.0.2 | OK | ||||
r-devel-linux-x86_64-fedora-clang | 1.0.2 | 104.08 | NOTE | |||
r-devel-linux-x86_64-fedora-gcc | 1.0.2 | 102.83 | OK | |||
r-prerel-macos-arm64 | 1.0.2 | 60.00 | NOTE | |||
r-prerel-windows-x86_64 | 1.0.2 | 41.00 | 48.00 | 89.00 | NOTE | |
r-patched-linux-x86_64 | 1.0.2 | 44.87 | 30.13 | 75.00 | OK | |
r-release-linux-x86_64 | 1.0.2 | 47.81 | 30.89 | 78.70 | OK | |
r-release-macos-arm64 | 1.0.2 | 55.00 | NOTE | |||
r-release-macos-x86_64 | 1.0.2 | 73.00 | NOTE | |||
r-release-windows-x86_64 | 1.0.2 | 58.00 | 48.00 | 106.00 | NOTE | |
r-oldrel-macos-arm64 | 1.0.2 | 59.00 | NOTE | |||
r-oldrel-windows-x86_64 | 1.0.2 | 64.00 | 58.00 | 122.00 | NOTE |
Version: 1.0.2
Check: installed package size
Result: NOTE
installed size is 7.3Mb
sub-directories of 1Mb or more:
data 7.2Mb
Flavors: r-devel-linux-x86_64-fedora-clang, r-prerel-macos-arm64, r-prerel-windows-x86_64, r-release-macos-arm64, r-release-macos-x86_64, r-release-windows-x86_64, r-oldrel-macos-arm64, r-oldrel-windows-x86_64