CRAN Package Check Results for Package toprdata

Last updated on 2024-02-29 00:55:57 CET.

Flavor Version Tinstall Tcheck Ttotal Status Flags
r-devel-linux-x86_64-debian-clang 1.0.2 47.00 31.09 78.09 OK
r-devel-linux-x86_64-debian-gcc 1.0.2 41.20 24.75 65.95 OK
r-devel-linux-x86_64-fedora-clang 1.0.2 105.52 NOTE
r-devel-linux-x86_64-fedora-gcc 1.0.2 102.71 OK
r-devel-windows-x86_64 1.0.2 45.00 46.00 91.00 NOTE
r-patched-linux-x86_64 1.0.2 47.06 30.74 77.80 OK
r-release-linux-x86_64 1.0.2 43.78 31.02 74.80 OK
r-release-macos-arm64 1.0.2 55.00 NOTE
r-release-macos-x86_64 1.0.2 73.00 NOTE
r-release-windows-x86_64 1.0.2 41.00 48.00 89.00 NOTE
r-oldrel-macos-arm64 1.0.2 59.00 NOTE
r-oldrel-windows-x86_64 1.0.2 60.00 57.00 117.00 NOTE

Check Details

Version: 1.0.2
Check: installed package size
Result: NOTE installed size is 7.3Mb sub-directories of 1Mb or more: data 7.2Mb Flavors: r-devel-linux-x86_64-fedora-clang, r-devel-windows-x86_64, r-release-macos-arm64, r-release-macos-x86_64, r-release-windows-x86_64, r-oldrel-macos-arm64, r-oldrel-windows-x86_64