CRAN Package Check Results for Package torchaudio

Last updated on 2021-10-18 04:54:37 CEST.

Flavor Version Tinstall Tcheck Ttotal Status Flags
r-devel-linux-x86_64-debian-clang 0.2.0 31.49 55.55 87.04 OK
r-devel-linux-x86_64-debian-gcc 0.2.0 24.33 42.66 66.99 OK
r-devel-linux-x86_64-fedora-clang 0.2.0 132.07 NOTE
r-devel-linux-x86_64-fedora-gcc 0.2.0 121.77 NOTE
r-devel-windows-x86_64 0.2.0 47.00 72.00 119.00 OK
r-devel-windows-x86_64-gcc10-UCRT 0.2.0 NOTE
r-patched-linux-x86_64 0.2.0 30.61 53.55 84.16 OK
r-patched-solaris-x86 0.2.0 141.20 NOTE
r-release-linux-x86_64 0.2.0 30.92 53.52 84.44 OK
r-release-macos-arm64 0.2.0 NOTE
r-release-macos-x86_64 0.2.0 NOTE
r-release-windows-ix86+x86_64 0.2.0 58.00 98.00 156.00 OK
r-oldrel-macos-x86_64 0.2.0 NOTE
r-oldrel-windows-ix86+x86_64 0.2.0 85.00 100.00 185.00 OK

Check Details

Version: 0.2.0
Check: dependencies in R code
Result: NOTE
    Namespaces in Imports field not imported from:
     ‘rappdirs’ ‘withr’
     All declared Imports should be used.
Flavors: r-devel-linux-x86_64-fedora-clang, r-devel-linux-x86_64-fedora-gcc, r-devel-windows-x86_64-gcc10-UCRT, r-patched-solaris-x86, r-release-macos-arm64, r-release-macos-x86_64, r-oldrel-macos-x86_64

Version: 0.2.0
Check: package dependencies
Result: NOTE
    Package suggested but not available for checking: ‘av’
Flavor: r-patched-solaris-x86