CRAN Package Check Results for Package torchdatasets

Last updated on 2021-10-22 04:55:06 CEST.

Flavor Version Tinstall Tcheck Ttotal Status Flags
r-devel-linux-x86_64-debian-clang 0.1.0 3.10 29.08 32.18 OK
r-devel-linux-x86_64-debian-gcc 0.1.0 2.36 23.35 25.71 OK
r-devel-linux-x86_64-fedora-clang 0.1.0 50.88 NOTE
r-devel-linux-x86_64-fedora-gcc 0.1.0 39.76 NOTE
r-devel-windows-x86_64 0.1.0 6.00 41.00 47.00 OK
r-devel-windows-x86_64-gcc10-UCRT 0.1.0 NOTE
r-patched-linux-x86_64 0.1.0 2.96 28.26 31.22 OK
r-patched-solaris-x86 0.1.0 64.00 NOTE
r-release-linux-x86_64 0.1.0 2.80 28.26 31.06 OK
r-release-macos-arm64 0.0.1 NOTE
r-release-macos-x86_64 0.1.0 NOTE
r-release-windows-ix86+x86_64 0.1.0 7.00 48.00 55.00 OK
r-oldrel-macos-x86_64 0.1.0 NOTE
r-oldrel-windows-ix86+x86_64 0.1.0 6.00 38.00 44.00 OK

Check Details

Version: 0.1.0
Check: dependencies in R code
Result: NOTE
    Namespaces in Imports field not imported from:
     ‘stringr’ ‘torch’ ‘torchvision’ ‘zip’
     All declared Imports should be used.
Flavors: r-devel-linux-x86_64-fedora-clang, r-devel-linux-x86_64-fedora-gcc, r-devel-windows-x86_64-gcc10-UCRT, r-patched-solaris-x86, r-release-macos-x86_64, r-oldrel-macos-x86_64

Version: 0.0.1
Check: dependencies in R code
Result: NOTE
    Namespaces in Imports field not imported from:
     ‘fs’ ‘stringr’ ‘torch’ ‘torchvision’ ‘zip’
     All declared Imports should be used.
Flavor: r-release-macos-arm64

Version: 0.0.1
Check: LazyData
Result: NOTE
     'LazyData' is specified without a 'data' directory
Flavor: r-release-macos-arm64