Last updated on 2024-03-28 23:55:22 CET.
Flavor | Version | Tinstall | Tcheck | Ttotal | Status | Flags |
---|---|---|---|---|---|---|
r-devel-linux-x86_64-debian-clang | 0.3-2 | 13.46 | 114.77 | 128.23 | NOTE | |
r-devel-linux-x86_64-debian-gcc | 0.3-2 | 10.18 | 85.35 | 95.53 | NOTE | |
r-devel-linux-x86_64-fedora-clang | 0.3-2 | 162.33 | NOTE | |||
r-devel-linux-x86_64-fedora-gcc | 0.3-2 | 163.48 | NOTE | |||
r-devel-windows-x86_64 | 0.3-2 | 12.00 | 135.00 | 147.00 | NOTE | |
r-patched-linux-x86_64 | 0.3-2 | 15.17 | 107.43 | 122.60 | NOTE | |
r-release-linux-x86_64 | 0.3-2 | 11.03 | 108.90 | 119.93 | NOTE | |
r-release-macos-arm64 | 0.3-2 | 83.00 | NOTE | |||
r-release-macos-x86_64 | 0.3-2 | 110.00 | NOTE | |||
r-release-windows-x86_64 | 0.3-2 | 14.00 | 152.00 | 166.00 | NOTE | |
r-oldrel-macos-arm64 | 0.3-2 | 77.00 | NOTE | |||
r-oldrel-windows-x86_64 | 0.3-2 | 17.00 | 151.00 | 168.00 | NOTE |
Version: 0.3-2
Check: package dependencies
Result: NOTE
Package suggested but not available for checking: ‘toscaData’
Flavors: r-devel-linux-x86_64-debian-clang, r-devel-linux-x86_64-debian-gcc, r-devel-linux-x86_64-fedora-clang, r-devel-linux-x86_64-fedora-gcc, r-devel-windows-x86_64, r-patched-linux-x86_64, r-release-linux-x86_64, r-release-macos-arm64, r-release-macos-x86_64, r-release-windows-x86_64, r-oldrel-macos-arm64, r-oldrel-windows-x86_64