Last updated on 2024-04-19 08:54:58 CEST.
Flavor | Version | Tinstall | Tcheck | Ttotal | Status | Flags |
---|---|---|---|---|---|---|
r-devel-linux-x86_64-debian-clang | 0.6.6 | 17.66 | 70.81 | 88.47 | OK | |
r-devel-linux-x86_64-debian-gcc | 0.6.6 | OK | ||||
r-devel-linux-x86_64-fedora-clang | 0.6.6 | 115.60 | NOTE | |||
r-devel-linux-x86_64-fedora-gcc | 0.6.6 | 106.38 | NOTE | |||
r-prerel-macos-arm64 | 0.6.6 | 33.00 | NOTE | |||
r-prerel-windows-x86_64 | 0.6.6 | 19.00 | 78.00 | 97.00 | OK | |
r-patched-linux-x86_64 | 0.6.6 | 17.44 | 67.81 | 85.25 | OK | |
r-release-linux-x86_64 | 0.6.6 | 15.83 | 68.67 | 84.50 | OK | |
r-release-macos-arm64 | 0.6.6 | 35.00 | OK | |||
r-release-macos-x86_64 | 0.6.6 | 53.00 | NOTE | |||
r-release-windows-x86_64 | 0.6.6 | 22.00 | 84.00 | 106.00 | OK | |
r-oldrel-macos-arm64 | 0.6.6 | 37.00 | NOTE | |||
r-oldrel-windows-x86_64 | 0.6.6 | 23.00 | 83.00 | 106.00 | OK |
Version: 0.6.6
Check: data for non-ASCII characters
Result: NOTE
Note: found 100 marked Latin-1 strings
Note: found 548 marked UTF-8 strings
Flavors: r-devel-linux-x86_64-fedora-clang, r-devel-linux-x86_64-fedora-gcc, r-oldrel-macos-arm64
Version: 0.6.6
Check: installed package size
Result: NOTE
installed size is 5.6Mb
sub-directories of 1Mb or more:
data 5.2Mb
Flavors: r-prerel-macos-arm64, r-release-macos-x86_64, r-oldrel-macos-arm64