CRAN Package Check Results for Package toxEval

Last updated on 2021-09-23 12:58:14 CEST.

Flavor Version Tinstall Tcheck Ttotal Status Flags
r-devel-linux-x86_64-debian-clang 1.2.0 16.85 173.71 190.56 NOTE
r-devel-linux-x86_64-debian-gcc 1.2.0 16.69 127.78 144.47 NOTE
r-devel-linux-x86_64-fedora-clang 1.2.0 233.23 NOTE
r-devel-linux-x86_64-fedora-gcc 1.2.0 221.04 NOTE
r-devel-windows-x86_64 1.2.0 23.00 164.00 187.00 NOTE
r-devel-windows-x86_64-gcc10-UCRT 1.2.0 ERROR
r-patched-linux-x86_64 1.2.0 18.30 164.66 182.96 NOTE
r-patched-solaris-x86 1.2.0 328.40 NOTE
r-release-linux-x86_64 1.2.0 15.59 163.11 178.70 NOTE
r-release-macos-arm64 1.2.0 NOTE
r-release-macos-x86_64 1.2.0 NOTE
r-release-windows-ix86+x86_64 1.2.0 34.00 167.00 201.00 NOTE
r-oldrel-macos-x86_64 1.2.0 OK
r-oldrel-windows-ix86+x86_64 1.2.0 25.00 171.00 196.00 OK

Check Details

Version: 1.2.0
Check: LazyData
Result: NOTE
     'LazyData' is specified without a 'data' directory
Flavors: r-devel-linux-x86_64-debian-clang, r-devel-linux-x86_64-debian-gcc, r-devel-linux-x86_64-fedora-clang, r-devel-linux-x86_64-fedora-gcc, r-devel-windows-x86_64, r-patched-linux-x86_64, r-patched-solaris-x86, r-release-linux-x86_64, r-release-macos-arm64, r-release-macos-x86_64, r-release-windows-ix86+x86_64

Version: 1.2.0
Check: package dependencies
Result: ERROR
    Package required but not available: 'leaflet'
    
    See section 'The DESCRIPTION file' in the 'Writing R Extensions'
    manual.
Flavor: r-devel-windows-x86_64-gcc10-UCRT