CRAN Package Check Results for Package tracerer

Last updated on 2021-10-21 08:51:09 CEST.

Flavor Version Tinstall Tcheck Ttotal Status Flags
r-devel-linux-x86_64-debian-clang 2.2.2 13.27 38.53 51.80 OK
r-devel-linux-x86_64-debian-gcc 2.2.2 9.59 30.29 39.88 OK
r-devel-linux-x86_64-fedora-clang 2.2.2 78.47 OK
r-devel-linux-x86_64-fedora-gcc 2.2.2 63.59 OK
r-devel-windows-x86_64 2.2.2 20.00 62.00 82.00 OK
r-devel-windows-x86_64-gcc10-UCRT 2.2.2 WARN
r-patched-linux-x86_64 2.2.2 12.81 37.02 49.83 OK
r-patched-solaris-x86 2.2.2 83.00 OK
r-release-linux-x86_64 2.2.2 12.22 36.66 48.88 OK
r-release-macos-arm64 2.2.2 OK
r-release-macos-x86_64 2.2.2 OK
r-release-windows-ix86+x86_64 2.2.2 25.00 87.00 112.00 OK
r-oldrel-macos-x86_64 2.2.2 OK
r-oldrel-windows-ix86+x86_64 2.2.2 34.00 86.00 120.00 OK

Check Details

Version: 2.2.2
Check: package dependencies
Result: NOTE
    Package suggested but not available for checking: 'phangorn'
Flavor: r-devel-windows-x86_64-gcc10-UCRT

Version: 2.2.2
Check: re-building of vignette outputs
Result: WARN
    Error(s) in re-building vignettes:
    --- re-building 'demo.Rmd' using rmarkdown
    Quitting from lines 106-110 (demo.Rmd)
    Error: processing vignette 'demo.Rmd' failed with diagnostics:
    there is no package called 'phangorn'
    --- failed re-building 'demo.Rmd'
    
    SUMMARY: processing the following file failed:
     'demo.Rmd'
    
    Error: Vignette re-building failed.
    Execution halted
Flavor: r-devel-windows-x86_64-gcc10-UCRT