Last updated on 2024-07-18 00:55:08 CEST.
Flavor | Version | Tinstall | Tcheck | Ttotal | Status | Flags |
---|---|---|---|---|---|---|
r-devel-linux-x86_64-debian-clang | 0.3.3 | 5.83 | 120.98 | 126.81 | OK | |
r-devel-linux-x86_64-debian-gcc | 0.3.3 | 6.31 | 86.03 | 92.34 | OK | |
r-devel-linux-x86_64-fedora-clang | 0.3.3 | 164.68 | NOTE | |||
r-devel-linux-x86_64-fedora-gcc | 0.3.3 | 158.01 | OK | |||
r-devel-windows-x86_64 | 0.3.3 | 10.00 | 110.00 | 120.00 | OK | |
r-patched-linux-x86_64 | 0.3.3 | 5.80 | 109.21 | 115.01 | OK | |
r-release-linux-x86_64 | 0.3.3 | 7.07 | 110.99 | 118.06 | OK | |
r-release-macos-arm64 | 0.3.3 | 54.00 | OK | |||
r-release-macos-x86_64 | 0.3.3 | 81.00 | OK | |||
r-release-windows-x86_64 | 0.3.3 | 9.00 | 113.00 | 122.00 | OK | |
r-oldrel-macos-arm64 | 0.3.3 | 67.00 | OK | |||
r-oldrel-macos-x86_64 | 0.3.3 | 117.00 | OK | |||
r-oldrel-windows-x86_64 | 0.3.3 | 12.00 | 127.00 | 139.00 | OK |
Version: 0.3.3
Check: Rd cross-references
Result: NOTE
Undeclared package ‘rlang’ in Rd xrefs
Flavor: r-devel-linux-x86_64-fedora-clang