Last updated on 2024-03-28 15:50:04 CET.
Flavor | Version | Tinstall | Tcheck | Ttotal | Status | Flags |
---|---|---|---|---|---|---|
r-devel-linux-x86_64-debian-clang | 1.6.0 | 13.99 | 279.80 | 293.79 | OK | |
r-devel-linux-x86_64-debian-gcc | 1.6.0 | 11.41 | 211.72 | 223.13 | OK | |
r-devel-linux-x86_64-fedora-clang | 1.6.0 | 380.02 | NOTE | |||
r-devel-linux-x86_64-fedora-gcc | 1.6.0 | 394.32 | OK | |||
r-devel-windows-x86_64 | 1.6.0 | 14.00 | 255.00 | 269.00 | NOTE | |
r-patched-linux-x86_64 | 1.6.0 | 23.02 | 272.07 | 295.09 | OK | |
r-release-linux-x86_64 | 1.6.0 | 16.23 | 275.15 | 291.38 | OK | |
r-release-macos-arm64 | 1.6.0 | 145.00 | NOTE | |||
r-release-macos-x86_64 | 1.6.0 | 294.00 | NOTE | |||
r-release-windows-x86_64 | 1.6.0 | 18.00 | 309.00 | 327.00 | NOTE | |
r-oldrel-macos-arm64 | 1.6.0 | 140.00 | NOTE | |||
r-oldrel-windows-x86_64 | 1.6.0 | 19.00 | 291.00 | 310.00 | NOTE |
Version: 1.6.0
Check: installed package size
Result: NOTE
installed size is 6.2Mb
sub-directories of 1Mb or more:
data 2.2Mb
doc 2.8Mb
Flavors: r-devel-linux-x86_64-fedora-clang, r-devel-windows-x86_64, r-release-macos-arm64, r-release-macos-x86_64, r-release-windows-x86_64, r-oldrel-macos-arm64, r-oldrel-windows-x86_64