Last updated on 2023-12-04 00:52:59 CET.
Flavor | Version | Tinstall | Tcheck | Ttotal | Status | Flags |
---|---|---|---|---|---|---|
r-devel-linux-x86_64-debian-clang | 1.0.1 | 7.92 | 63.50 | 71.42 | NOTE | |
r-devel-linux-x86_64-debian-gcc | 1.0.1 | 6.22 | 49.38 | 55.60 | NOTE | |
r-devel-linux-x86_64-fedora-clang | 1.0.1 | 91.62 | NOTE | |||
r-devel-linux-x86_64-fedora-gcc | 1.0.1 | 99.85 | NOTE | |||
r-devel-windows-x86_64 | 1.0.1 | 9.00 | 73.00 | 82.00 | NOTE | |
r-patched-linux-x86_64 | 1.0.1 | 8.55 | 62.20 | 70.75 | NOTE | |
r-release-linux-x86_64 | 1.0.1 | 7.97 | 60.99 | 68.96 | NOTE | |
r-release-macos-arm64 | 1.0.1 | 32.00 | NOTE | |||
r-release-macos-x86_64 | 1.0.1 | 51.00 | NOTE | |||
r-release-windows-x86_64 | 1.0.1 | 10.00 | 82.00 | 92.00 | NOTE | |
r-oldrel-macos-arm64 | 1.0.1 | 28.00 | NOTE | |||
r-oldrel-macos-x86_64 | 1.0.1 | 39.00 | NOTE | |||
r-oldrel-windows-x86_64 | 1.0.1 | 11.00 | 80.00 | 91.00 | NOTE |
Version: 1.0.1
Check: LazyData
Result: NOTE
'LazyData' is specified without a 'data' directory
Flavors: r-devel-linux-x86_64-debian-clang, r-devel-linux-x86_64-debian-gcc, r-devel-linux-x86_64-fedora-clang, r-devel-linux-x86_64-fedora-gcc, r-devel-windows-x86_64, r-patched-linux-x86_64, r-release-linux-x86_64, r-release-macos-arm64, r-release-macos-x86_64, r-release-windows-x86_64, r-oldrel-macos-arm64, r-oldrel-macos-x86_64, r-oldrel-windows-x86_64