Last updated on 2024-04-23 08:58:20 CEST.
Flavor | Version | Tinstall | Tcheck | Ttotal | Status | Flags |
---|---|---|---|---|---|---|
r-devel-linux-x86_64-debian-clang | 1.0.1 | 10.21 | 67.88 | 78.09 | NOTE | |
r-devel-linux-x86_64-debian-gcc | 1.0.1 | 6.41 | 49.26 | 55.67 | NOTE | |
r-devel-linux-x86_64-fedora-clang | 1.0.1 | 95.73 | NOTE | |||
r-devel-linux-x86_64-fedora-gcc | 1.0.1 | 102.14 | NOTE | |||
r-prerel-macos-arm64 | 1.0.1 | 31.00 | NOTE | |||
r-prerel-windows-x86_64 | 1.0.1 | 9.00 | 75.00 | 84.00 | NOTE | |
r-patched-linux-x86_64 | 1.0.1 | 7.91 | 63.36 | 71.27 | NOTE | |
r-release-linux-x86_64 | 1.0.1 | 8.24 | 64.02 | 72.26 | NOTE | |
r-release-macos-arm64 | 1.0.1 | 32.00 | NOTE | |||
r-release-macos-x86_64 | 1.0.1 | 51.00 | NOTE | |||
r-release-windows-x86_64 | 1.0.1 | 11.00 | 89.00 | 100.00 | NOTE | |
r-oldrel-macos-arm64 | 1.0.1 | 28.00 | NOTE | |||
r-oldrel-windows-x86_64 | 1.0.1 | 11.00 | 77.00 | 88.00 | NOTE |
Version: 1.0.1
Check: LazyData
Result: NOTE
'LazyData' is specified without a 'data' directory
Flavors: r-devel-linux-x86_64-debian-clang, r-devel-linux-x86_64-debian-gcc, r-devel-linux-x86_64-fedora-clang, r-devel-linux-x86_64-fedora-gcc, r-prerel-macos-arm64, r-prerel-windows-x86_64, r-patched-linux-x86_64, r-release-linux-x86_64, r-release-macos-arm64, r-release-macos-x86_64, r-release-windows-x86_64, r-oldrel-macos-arm64, r-oldrel-windows-x86_64