Last updated on 2023-06-09 10:04:28 CEST.
Flavor | Version | Tinstall | Tcheck | Ttotal | Status | Flags |
---|---|---|---|---|---|---|
r-devel-linux-x86_64-debian-clang | 1.0.1 | 8.61 | 63.96 | 72.57 | NOTE | |
r-devel-linux-x86_64-debian-gcc | 1.0.1 | 6.56 | 48.85 | 55.41 | NOTE | |
r-devel-linux-x86_64-fedora-clang | 1.0.1 | 91.62 | NOTE | |||
r-devel-linux-x86_64-fedora-gcc | 1.0.1 | 98.53 | NOTE | |||
r-devel-windows-x86_64 | 1.0.1 | 8.00 | 74.00 | 82.00 | NOTE | |
r-patched-linux-x86_64 | 1.0.1 | 8.65 | 61.43 | 70.08 | NOTE | |
r-release-linux-x86_64 | 1.0.1 | 7.59 | 61.72 | 69.31 | NOTE | |
r-release-macos-arm64 | 1.0.1 | 32.00 | NOTE | |||
r-release-macos-x86_64 | 1.0.1 | 51.00 | NOTE | |||
r-release-windows-x86_64 | 1.0.1 | 10.00 | 84.00 | 94.00 | NOTE | |
r-oldrel-macos-arm64 | 1.0.1 | 28.00 | NOTE | |||
r-oldrel-macos-x86_64 | 1.0.1 | 39.00 | NOTE | |||
r-oldrel-windows-x86_64 | 1.0.1 | 11.00 | 79.00 | 90.00 | NOTE |
Version: 1.0.1
Check: LazyData
Result: NOTE
'LazyData' is specified without a 'data' directory
Flavors: r-devel-linux-x86_64-debian-clang, r-devel-linux-x86_64-debian-gcc, r-devel-linux-x86_64-fedora-clang, r-devel-linux-x86_64-fedora-gcc, r-devel-windows-x86_64, r-patched-linux-x86_64, r-release-linux-x86_64, r-release-macos-arm64, r-release-macos-x86_64, r-release-windows-x86_64, r-oldrel-macos-arm64, r-oldrel-macos-x86_64, r-oldrel-windows-x86_64