Last updated on 2023-06-05 09:54:16 CEST.
Flavor | Version | Tinstall | Tcheck | Ttotal | Status | Flags |
---|---|---|---|---|---|---|
r-devel-linux-x86_64-debian-clang | 1.4.0 | 3.54 | 270.74 | 274.28 | NOTE | |
r-devel-linux-x86_64-debian-gcc | 1.4.0 | 3.26 | 192.79 | 196.05 | NOTE | |
r-devel-linux-x86_64-fedora-clang | 1.4.0 | 333.70 | NOTE | |||
r-devel-linux-x86_64-fedora-gcc | 1.4.0 | 346.26 | NOTE | |||
r-devel-windows-x86_64 | 1.4.0 | 5.00 | 215.00 | 220.00 | NOTE | |
r-patched-linux-x86_64 | 1.4.0 | 5.12 | 263.07 | 268.19 | NOTE | |
r-release-linux-x86_64 | 1.4.0 | 4.00 | 269.27 | 273.27 | NOTE | |
r-release-macos-arm64 | 1.4.0 | 86.00 | NOTE | |||
r-release-macos-x86_64 | 1.4.0 | 161.00 | NOTE | |||
r-release-windows-x86_64 | 1.4.0 | 7.00 | 275.00 | 282.00 | NOTE | |
r-oldrel-macos-arm64 | 1.4.0 | 80.00 | NOTE | |||
r-oldrel-macos-x86_64 | 1.4.0 | 108.00 | NOTE | |||
r-oldrel-windows-x86_64 | 1.4.0 | 6.00 | 270.00 | 276.00 | NOTE |
Version: 1.4.0
Check: LazyData
Result: NOTE
'LazyData' is specified without a 'data' directory
Flavors: r-devel-linux-x86_64-debian-clang, r-devel-linux-x86_64-debian-gcc, r-devel-linux-x86_64-fedora-clang, r-devel-linux-x86_64-fedora-gcc, r-devel-windows-x86_64, r-patched-linux-x86_64, r-release-linux-x86_64, r-release-macos-arm64, r-release-macos-x86_64, r-release-windows-x86_64, r-oldrel-macos-arm64, r-oldrel-macos-x86_64, r-oldrel-windows-x86_64