Last updated on 2024-03-28 15:50:04 CET.
Flavor | Version | Tinstall | Tcheck | Ttotal | Status | Flags |
---|---|---|---|---|---|---|
r-devel-linux-x86_64-debian-clang | 0.1.1 | 2.67 | 28.92 | 31.59 | NOTE | |
r-devel-linux-x86_64-debian-gcc | 0.1.1 | 2.09 | 23.05 | 25.14 | NOTE | |
r-devel-linux-x86_64-fedora-clang | 0.1.1 | 41.75 | NOTE | |||
r-devel-linux-x86_64-fedora-gcc | 0.1.1 | 41.70 | NOTE | |||
r-devel-windows-x86_64 | 0.1.1 | 4.00 | 45.00 | 49.00 | NOTE | |
r-patched-linux-x86_64 | 0.1.1 | 2.38 | 29.09 | 31.47 | NOTE | |
r-release-linux-x86_64 | 0.1.1 | 2.32 | 29.10 | 31.42 | OK | |
r-release-macos-arm64 | 0.1.1 | 19.00 | OK | |||
r-release-macos-x86_64 | 0.1.1 | 29.00 | OK | |||
r-release-windows-x86_64 | 0.1.1 | 4.00 | 45.00 | 49.00 | OK | |
r-oldrel-macos-arm64 | 0.1.1 | 21.00 | OK | |||
r-oldrel-windows-x86_64 | 0.1.1 | 5.00 | 48.00 | 53.00 | OK |
Version: 0.1.1
Check: Rd files
Result: NOTE
checkRd: (-1) trans.Rd:46: Lost braces; missing escapes or markup?
46 | "Found {trans("file", .n = n_files)} in {trans("directory", .n = n_dirs)}".
| ^
checkRd: (-1) trans.Rd:46: Lost braces; missing escapes or markup?
46 | "Found {trans("file", .n = n_files)} in {trans("directory", .n = n_dirs)}".
| ^
Flavors: r-devel-linux-x86_64-debian-clang, r-devel-linux-x86_64-debian-gcc, r-devel-linux-x86_64-fedora-clang, r-devel-linux-x86_64-fedora-gcc, r-devel-windows-x86_64, r-patched-linux-x86_64