Last updated on 2023-06-02 18:52:59 CEST.
Flavor | Version | Tinstall | Tcheck | Ttotal | Status | Flags |
---|---|---|---|---|---|---|
r-devel-linux-x86_64-debian-clang | 1.0.2 | 5.47 | 124.86 | 130.33 | OK | |
r-devel-linux-x86_64-debian-gcc | 1.0.2 | 4.71 | 292.47 | 297.18 | OK | |
r-devel-linux-x86_64-fedora-clang | 1.0.2 | 511.58 | OK | |||
r-devel-linux-x86_64-fedora-gcc | 1.0.2 | 494.37 | OK | |||
r-devel-windows-x86_64 | 1.0.2 | 7.00 | 316.00 | 323.00 | OK | |
r-patched-linux-x86_64 | 1.0.2 | OK | ||||
r-release-linux-x86_64 | 1.0.2 | 3.64 | 390.81 | 394.45 | OK | |
r-release-macos-arm64 | 1.0.2 | 193.00 | OK | |||
r-release-macos-x86_64 | 1.0.2 | 115.00 | NOTE | |||
r-release-windows-x86_64 | 1.0.2 | 8.00 | 470.00 | 478.00 | OK | |
r-oldrel-macos-arm64 | 1.0.2 | 153.00 | OK | |||
r-oldrel-macos-x86_64 | 1.0.2 | 287.00 | OK | |||
r-oldrel-windows-x86_64 | 1.0.2 | 8.00 | 485.00 | 493.00 | OK |
Version: 1.0.2
Check: package dependencies
Result: NOTE
Package suggested but not available for checking: ‘Seurat’
Flavor: r-release-macos-x86_64