Last updated on 2023-11-28 16:48:37 CET.
Flavor | Version | Tinstall | Tcheck | Ttotal | Status | Flags |
---|---|---|---|---|---|---|
r-devel-linux-x86_64-debian-clang | 1.0.2 | 6.17 | 129.46 | 135.63 | OK | |
r-devel-linux-x86_64-debian-gcc | 1.0.2 | 3.49 | 96.56 | 100.05 | OK | |
r-devel-linux-x86_64-fedora-clang | 1.0.2 | 168.65 | OK | |||
r-devel-linux-x86_64-fedora-gcc | 1.0.2 | 173.74 | OK | |||
r-devel-windows-x86_64 | 1.0.2 | 7.00 | 114.00 | 121.00 | OK | |
r-patched-linux-x86_64 | 1.0.2 | 3.86 | 126.02 | 129.88 | OK | |
r-release-linux-x86_64 | 1.0.2 | 3.56 | 125.21 | 128.77 | OK | |
r-release-macos-arm64 | 1.0.2 | 193.00 | OK | |||
r-release-macos-x86_64 | 1.0.2 | 115.00 | NOTE | |||
r-release-windows-x86_64 | 1.0.2 | 8.00 | 134.00 | 142.00 | OK | |
r-oldrel-macos-arm64 | 1.0.2 | 153.00 | OK | |||
r-oldrel-macos-x86_64 | 1.0.2 | 287.00 | OK | |||
r-oldrel-windows-x86_64 | 1.0.2 | 9.00 | 136.00 | 145.00 | OK |
Version: 1.0.2
Check: package dependencies
Result: NOTE
Package suggested but not available for checking: ‘Seurat’
Flavor: r-release-macos-x86_64