CRAN Package Check Results for Package treemap

Last updated on 2021-09-22 13:07:27 CEST.

Flavor Version Tinstall Tcheck Ttotal Status Flags
r-devel-linux-x86_64-debian-clang 2.4-3 8.74 97.30 106.04 OK
r-devel-linux-x86_64-debian-gcc 2.4-3 7.52 71.67 79.19 OK
r-devel-linux-x86_64-fedora-clang 2.4-3 130.60 OK
r-devel-linux-x86_64-fedora-gcc 2.4-3 121.42 OK
r-devel-windows-x86_64 2.4-3 11.00 95.00 106.00 OK
r-devel-windows-x86_64-gcc10-UCRT 2.4-3 ERROR
r-patched-linux-x86_64 2.4-3 8.05 91.03 99.08 OK
r-patched-solaris-x86 2.4-3 154.50 OK
r-release-linux-x86_64 2.4-3 7.82 90.15 97.97 OK
r-release-macos-arm64 2.4-3 OK
r-release-macos-x86_64 2.4-3 OK
r-release-windows-ix86+x86_64 2.4-3 21.00 80.00 101.00 OK
r-oldrel-macos-x86_64 2.4-3 OK
r-oldrel-windows-ix86+x86_64 2.4-3 17.00 88.00 105.00 OK

Check Details

Version: 2.4-3
Check: package dependencies
Result: ERROR
    Package required but not available: 'igraph'
    
    See section 'The DESCRIPTION file' in the 'Writing R Extensions'
    manual.
Flavor: r-devel-windows-x86_64-gcc10-UCRT