Last updated on 2023-09-21 17:55:58 CEST.
Flavor | Version | Tinstall | Tcheck | Ttotal | Status | Flags |
---|---|---|---|---|---|---|
r-devel-linux-x86_64-debian-clang | 1.1.5 | 6.22 | 59.22 | 65.44 | OK | |
r-devel-linux-x86_64-debian-gcc | 1.1.5 | 4.56 | 44.13 | 48.69 | OK | |
r-devel-linux-x86_64-fedora-clang | 1.1.5 | 81.80 | OK | |||
r-devel-linux-x86_64-fedora-gcc | 1.1.5 | 92.60 | OK | |||
r-devel-windows-x86_64 | 1.1.5 | 10.00 | 90.00 | 100.00 | OK | |
r-patched-linux-x86_64 | 1.1.5 | 6.87 | 58.29 | 65.16 | OK | |
r-release-linux-x86_64 | 1.1.5 | 5.41 | 58.37 | 63.78 | OK | |
r-release-macos-arm64 | 1.1.5 | 34.00 | OK | |||
r-release-macos-x86_64 | 1.1.5 | 57.00 | NOTE | |||
r-release-windows-x86_64 | 1.1.5 | 8.00 | 85.00 | 93.00 | OK | |
r-oldrel-macos-arm64 | 1.1.5 | 30.00 | OK | |||
r-oldrel-macos-x86_64 | 1.1.5 | 45.00 | OK | |||
r-oldrel-windows-x86_64 | 1.1.5 | 11.00 | 85.00 | 96.00 | OK |
Version: 1.1.5
Check: package dependencies
Result: NOTE
Package suggested but not available for checking: ‘psych’
Flavor: r-release-macos-x86_64
Version: 1.1.5
Check: Rd cross-references
Result: NOTE
Package unavailable to check Rd xrefs: ‘psych’
Flavor: r-release-macos-x86_64