Last updated on 2024-04-23 08:58:20 CEST.
Flavor | Version | Tinstall | Tcheck | Ttotal | Status | Flags |
---|---|---|---|---|---|---|
r-devel-linux-x86_64-debian-clang | 0.3.0 | 6.22 | 68.76 | 74.98 | OK | |
r-devel-linux-x86_64-debian-gcc | 0.3.0 | 6.62 | 54.68 | 61.30 | OK | |
r-devel-linux-x86_64-fedora-clang | 0.3.0 | 102.76 | NOTE | |||
r-devel-linux-x86_64-fedora-gcc | 0.3.0 | 107.02 | OK | |||
r-prerel-macos-arm64 | 0.3.0 | 41.00 | NOTE | |||
r-prerel-windows-x86_64 | 0.3.0 | 8.00 | 87.00 | 95.00 | NOTE | |
r-patched-linux-x86_64 | 0.3.0 | 8.64 | 70.96 | 79.60 | OK | |
r-release-linux-x86_64 | 0.3.0 | 6.06 | 68.21 | 74.27 | OK | |
r-release-macos-arm64 | 0.3.0 | 44.00 | NOTE | |||
r-release-macos-x86_64 | 0.3.0 | 113.00 | NOTE | |||
r-release-windows-x86_64 | 0.3.0 | 12.00 | 97.00 | 109.00 | NOTE | |
r-oldrel-macos-arm64 | 0.3.0 | 43.00 | NOTE | |||
r-oldrel-windows-x86_64 | 0.3.0 | 10.00 | 97.00 | 107.00 | NOTE |
Version: 0.3.0
Check: installed package size
Result: NOTE
installed size is 17.6Mb
sub-directories of 1Mb or more:
data 1.2Mb
doc 1.3Mb
extdata 14.8Mb
Flavors: r-devel-linux-x86_64-fedora-clang, r-prerel-macos-arm64, r-prerel-windows-x86_64, r-release-macos-arm64, r-release-macos-x86_64, r-release-windows-x86_64, r-oldrel-macos-arm64, r-oldrel-windows-x86_64