CRAN Package Check Results for Package triangle

Last updated on 2021-10-20 08:49:41 CEST.

Flavor Version Tinstall Tcheck Ttotal Status Flags
r-devel-linux-x86_64-debian-clang 0.12 2.64 26.42 29.06 NOTE
r-devel-linux-x86_64-debian-gcc 0.12 2.17 21.27 23.44 NOTE
r-devel-linux-x86_64-fedora-clang 0.12 45.70 NOTE
r-devel-linux-x86_64-fedora-gcc 0.12 35.77 NOTE
r-devel-windows-x86_64 0.12 5.00 41.00 46.00 NOTE
r-devel-windows-x86_64-gcc10-UCRT 0.12 NOTE
r-patched-linux-x86_64 0.12 2.91 26.39 29.30 NOTE
r-patched-solaris-x86 0.12 56.30 NOTE
r-release-linux-x86_64 0.12 2.56 26.47 29.03 NOTE
r-release-macos-arm64 0.12 NOTE
r-release-macos-x86_64 0.12 NOTE
r-release-windows-ix86+x86_64 0.12 5.00 49.00 54.00 NOTE
r-oldrel-macos-x86_64 0.12 OK
r-oldrel-windows-ix86+x86_64 0.12 5.00 42.00 47.00 OK

Check Details

Version: 0.12
Check: LazyData
Result: NOTE
     'LazyData' is specified without a 'data' directory
Flavors: r-devel-linux-x86_64-debian-clang, r-devel-linux-x86_64-debian-gcc, r-devel-linux-x86_64-fedora-clang, r-devel-linux-x86_64-fedora-gcc, r-devel-windows-x86_64, r-devel-windows-x86_64-gcc10-UCRT, r-patched-linux-x86_64, r-patched-solaris-x86, r-release-linux-x86_64, r-release-macos-arm64, r-release-macos-x86_64, r-release-windows-ix86+x86_64