CRAN Package Check Results for Package trimmer

Last updated on 2023-06-02 18:52:59 CEST.

Flavor Version Tinstall Tcheck Ttotal Status Flags
r-devel-linux-x86_64-debian-clang 0.8.1 4.13 47.55 51.68 NOTE
r-devel-linux-x86_64-debian-gcc 0.8.1 3.98 35.27 39.25 NOTE
r-devel-linux-x86_64-fedora-clang 0.8.1 65.20 NOTE
r-devel-linux-x86_64-fedora-gcc 0.8.1 71.71 NOTE
r-devel-windows-x86_64 0.8.1 5.00 58.00 63.00 NOTE
r-patched-linux-x86_64 0.8.1 NOTE
r-release-linux-x86_64 0.8.1 3.52 44.24 47.76 NOTE
r-release-macos-arm64 0.8.1 30.00 NOTE
r-release-macos-x86_64 0.8.1 39.00 NOTE
r-release-windows-x86_64 0.8.1 6.00 58.00 64.00 NOTE
r-oldrel-macos-arm64 0.8.1 23.00 NOTE
r-oldrel-macos-x86_64 0.8.1 30.00 NOTE
r-oldrel-windows-x86_64 0.8.1 8.00 66.00 74.00 NOTE

Check Details

Version: 0.8.1
Check: LazyData
Result: NOTE
     'LazyData' is specified without a 'data' directory
Flavors: r-devel-linux-x86_64-debian-clang, r-devel-linux-x86_64-debian-gcc, r-devel-linux-x86_64-fedora-clang, r-devel-linux-x86_64-fedora-gcc, r-devel-windows-x86_64, r-patched-linux-x86_64, r-release-linux-x86_64, r-release-macos-arm64, r-release-macos-x86_64, r-release-windows-x86_64, r-oldrel-macos-arm64, r-oldrel-macos-x86_64, r-oldrel-windows-x86_64