CRAN Package Check Results for Package trimmer

Last updated on 2024-05-20 00:52:14 CEST.

Flavor Version Tinstall Tcheck Ttotal Status Flags
r-devel-linux-x86_64-debian-clang 0.8.1 4.48 49.08 53.56 NOTE
r-devel-linux-x86_64-debian-gcc 0.8.1 3.42 36.81 40.23 NOTE
r-devel-linux-x86_64-fedora-clang 0.8.1 68.49 NOTE
r-devel-linux-x86_64-fedora-gcc 0.8.1 126.93 NOTE
r-devel-windows-x86_64 0.8.1 5.00 57.00 62.00 NOTE
r-patched-linux-x86_64 0.8.1 3.78 47.97 51.75 NOTE
r-release-linux-x86_64 0.8.1 3.31 46.16 49.47 NOTE
r-release-macos-arm64 0.8.1 28.00 NOTE
r-release-windows-x86_64 0.8.1 6.00 58.00 64.00 NOTE
r-oldrel-macos-arm64 0.8.1 30.00 NOTE
r-oldrel-macos-x86_64 0.8.1 39.00 NOTE
r-oldrel-windows-x86_64 0.8.1 6.00 65.00 71.00 NOTE

Check Details

Version: 0.8.1
Check: LazyData
Result: NOTE 'LazyData' is specified without a 'data' directory Flavors: r-devel-linux-x86_64-debian-clang, r-devel-linux-x86_64-debian-gcc, r-devel-linux-x86_64-fedora-clang, r-devel-linux-x86_64-fedora-gcc, r-devel-windows-x86_64, r-patched-linux-x86_64, r-release-linux-x86_64, r-release-macos-arm64, r-release-windows-x86_64, r-oldrel-macos-arm64, r-oldrel-macos-x86_64, r-oldrel-windows-x86_64