Last updated on 2024-04-17 16:53:25 CEST.
Flavor | Version | Tinstall | Tcheck | Ttotal | Status | Flags |
---|---|---|---|---|---|---|
r-devel-linux-x86_64-debian-clang | 1.3.0 | 7.66 | 126.41 | 134.07 | NOTE | |
r-devel-linux-x86_64-debian-gcc | 1.3.0 | 9.04 | 94.27 | 103.31 | NOTE | |
r-devel-linux-x86_64-fedora-clang | 1.3.0 | 171.69 | NOTE | |||
r-devel-linux-x86_64-fedora-gcc | 1.3.0 | 162.48 | NOTE | |||
r-prerel-macos-arm64 | 1.3.0 | 53.00 | NOTE | |||
r-prerel-windows-x86_64 | 1.3.0 | 11.00 | 102.00 | 113.00 | NOTE | |
r-patched-linux-x86_64 | 1.3.0 | 9.96 | 121.49 | 131.45 | NOTE | |
r-release-linux-x86_64 | 1.3.0 | 7.32 | 127.81 | 135.13 | NOTE | |
r-release-macos-arm64 | 1.3.0 | 52.00 | NOTE | |||
r-release-macos-x86_64 | 1.3.0 | 88.00 | NOTE | |||
r-release-windows-x86_64 | 1.3.0 | 14.00 | 133.00 | 147.00 | NOTE | |
r-oldrel-macos-arm64 | 1.3.0 | 46.00 | NOTE | |||
r-oldrel-windows-x86_64 | 1.3.0 | 16.00 | 128.00 | 144.00 | NOTE |
Version: 1.3.0
Check: LazyData
Result: NOTE
'LazyData' is specified without a 'data' directory
Flavors: r-devel-linux-x86_64-debian-clang, r-devel-linux-x86_64-debian-gcc, r-devel-linux-x86_64-fedora-clang, r-devel-linux-x86_64-fedora-gcc, r-prerel-macos-arm64, r-prerel-windows-x86_64, r-patched-linux-x86_64, r-release-linux-x86_64, r-release-macos-arm64, r-release-macos-x86_64, r-release-windows-x86_64, r-oldrel-macos-arm64, r-oldrel-windows-x86_64