CRAN Package Check Results for Package troopdata

Last updated on 2023-12-10 08:48:41 CET.

Flavor Version Tinstall Tcheck Ttotal Status Flags
r-devel-linux-x86_64-debian-clang 0.1.5 3.05 30.95 34.00 OK
r-devel-linux-x86_64-debian-gcc 0.1.5 2.69 23.61 26.30 OK
r-devel-linux-x86_64-fedora-clang 0.1.5 41.42 NOTE
r-devel-linux-x86_64-fedora-gcc 0.1.5 39.12 NOTE
r-devel-windows-x86_64 0.1.5 4.00 48.00 52.00 OK
r-patched-linux-x86_64 0.1.5 2.64 29.89 32.53 OK
r-release-linux-x86_64 0.1.5 3.16 29.63 32.79 OK
r-release-macos-arm64 0.1.5 37.00 OK
r-release-macos-x86_64 0.1.5 25.00 OK
r-release-windows-x86_64 0.1.5 6.00 49.00 55.00 OK
r-oldrel-macos-arm64 0.1.5 17.00 NOTE
r-oldrel-macos-x86_64 0.1.5 31.00 NOTE
r-oldrel-windows-x86_64 0.1.5 6.00 52.00 58.00 OK

Check Details

Version: 0.1.5
Check: dependencies in R code
Result: NOTE Namespace in Imports field not imported from: ‘tibble’ All declared Imports should be used. Flavors: r-devel-linux-x86_64-fedora-clang, r-devel-linux-x86_64-fedora-gcc, r-oldrel-macos-arm64, r-oldrel-macos-x86_64

Version: 0.1.5
Check: data for non-ASCII characters
Result: NOTE Note: found 1 marked UTF-8 string Flavors: r-devel-linux-x86_64-fedora-clang, r-devel-linux-x86_64-fedora-gcc, r-oldrel-macos-arm64, r-oldrel-macos-x86_64