CRAN Package Check Results for Package truelies

Last updated on 2023-06-08 08:55:37 CEST.

Flavor Version Tinstall Tcheck Ttotal Status Flags
r-devel-linux-x86_64-debian-clang 0.2.0 1.90 28.28 30.18 NOTE
r-devel-linux-x86_64-debian-gcc 0.2.0 1.96 21.44 23.40 NOTE
r-devel-linux-x86_64-fedora-clang 0.2.0 38.47 NOTE
r-devel-linux-x86_64-fedora-gcc 0.2.0 36.60 NOTE
r-devel-windows-x86_64 0.2.0 4.00 44.00 48.00 NOTE
r-patched-linux-x86_64 0.2.0 1.79 26.80 28.59 NOTE
r-release-linux-x86_64 0.2.0 2.18 26.96 29.14 NOTE
r-release-macos-arm64 0.2.0 19.00 NOTE
r-release-macos-x86_64 0.2.0 22.00 NOTE
r-release-windows-x86_64 0.2.0 4.00 46.00 50.00 NOTE
r-oldrel-macos-arm64 0.2.0 17.00 NOTE
r-oldrel-macos-x86_64 0.2.0 27.00 NOTE
r-oldrel-windows-x86_64 0.2.0 4.00 46.00 50.00 NOTE

Check Details

Version: 0.2.0
Check: LazyData
Result: NOTE
     'LazyData' is specified without a 'data' directory
Flavors: r-devel-linux-x86_64-debian-clang, r-devel-linux-x86_64-debian-gcc, r-devel-linux-x86_64-fedora-clang, r-devel-linux-x86_64-fedora-gcc, r-devel-windows-x86_64, r-patched-linux-x86_64, r-release-linux-x86_64, r-release-macos-arm64, r-release-macos-x86_64, r-release-windows-x86_64, r-oldrel-macos-arm64, r-oldrel-macos-x86_64, r-oldrel-windows-x86_64