Last updated on 2024-04-19 08:54:58 CEST.
Flavor | Version | Tinstall | Tcheck | Ttotal | Status | Flags |
---|---|---|---|---|---|---|
r-devel-linux-x86_64-debian-clang | 1.3.1 | 2.26 | 42.46 | 44.72 | NOTE | |
r-devel-linux-x86_64-debian-gcc | 1.3.1 | NOTE | ||||
r-devel-linux-x86_64-fedora-clang | 1.3.1 | 58.40 | NOTE | |||
r-devel-linux-x86_64-fedora-gcc | 1.3.1 | 80.47 | NOTE | |||
r-prerel-macos-arm64 | 1.3.1 | 36.00 | NOTE | |||
r-prerel-windows-x86_64 | 1.3.1 | 3.00 | 59.00 | 62.00 | NOTE | |
r-patched-linux-x86_64 | 1.3.1 | 3.15 | 41.43 | 44.58 | NOTE | |
r-release-linux-x86_64 | 1.3.1 | 2.23 | 38.67 | 40.90 | NOTE | |
r-release-macos-arm64 | 1.3.1 | 34.00 | NOTE | |||
r-release-macos-x86_64 | 1.3.1 | 50.00 | NOTE | |||
r-release-windows-x86_64 | 1.3.1 | 4.00 | 61.00 | 65.00 | NOTE | |
r-oldrel-macos-arm64 | 1.3.1 | 31.00 | OK | |||
r-oldrel-windows-x86_64 | 1.3.1 | 4.00 | 62.00 | 66.00 | OK |
Version: 1.3.1
Check: dependencies in R code
Result: NOTE
There are ::: calls to the package's namespace in its code. A package
almost never needs to use ::: for its own objects:
‘log2console’
Flavors: r-devel-linux-x86_64-debian-clang, r-devel-linux-x86_64-debian-gcc, r-devel-linux-x86_64-fedora-clang, r-devel-linux-x86_64-fedora-gcc, r-prerel-macos-arm64, r-prerel-windows-x86_64, r-patched-linux-x86_64, r-release-linux-x86_64, r-release-macos-arm64, r-release-macos-x86_64, r-release-windows-x86_64