Last updated on 2023-09-25 09:05:03 CEST.
Flavor | Version | Tinstall | Tcheck | Ttotal | Status | Flags |
---|---|---|---|---|---|---|
r-devel-linux-x86_64-debian-clang | 0.3.1 | 8.38 | 384.19 | 392.57 | NOTE | |
r-devel-linux-x86_64-debian-gcc | 0.3.1 | 7.01 | 301.96 | 308.97 | NOTE | |
r-devel-linux-x86_64-fedora-clang | 0.3.1 | 482.37 | NOTE | |||
r-devel-linux-x86_64-fedora-gcc | 0.3.1 | 518.64 | NOTE | |||
r-devel-windows-x86_64 | 0.3.1 | 12.00 | 492.00 | 504.00 | NOTE | |
r-patched-linux-x86_64 | 0.3.1 | 11.09 | 397.69 | 408.78 | OK | |
r-release-linux-x86_64 | 0.3.1 | 10.52 | 398.58 | 409.10 | OK | |
r-release-macos-arm64 | 0.3.1 | 175.00 | OK | |||
r-release-macos-x86_64 | 0.3.1 | 276.00 | OK | |||
r-release-windows-x86_64 | 0.3.1 | 14.00 | 577.00 | 591.00 | OK | |
r-oldrel-macos-arm64 | 0.3.1 | 143.00 | OK | |||
r-oldrel-macos-x86_64 | 0.3.1 | 214.00 | OK | |||
r-oldrel-windows-x86_64 | 0.3.1 | 16.00 | 542.00 | 558.00 | OK |
Version: 0.3.1
Check: Rd \usage sections
Result: NOTE
Documented arguments not in \usage in documentation object 'dvinecopula_objective':
‘udata’
Documented arguments not in \usage in documentation object 'wobjective':
‘vt’
Functions with \usage entries need to have the appropriate \alias
entries, and all their arguments documented.
The \usage entries must correspond to syntactically valid R code.
See chapter ‘Writing R documentation files’ in the ‘Writing R
Extensions’ manual.
Flavors: r-devel-linux-x86_64-debian-clang, r-devel-linux-x86_64-debian-gcc, r-devel-linux-x86_64-fedora-clang, r-devel-linux-x86_64-fedora-gcc, r-devel-windows-x86_64