CRAN Package Check Results for Package tseriesChaos

Last updated on 2024-06-24 08:50:11 CEST.

Flavor Version Tinstall Tcheck Ttotal Status Flags
r-devel-linux-x86_64-debian-clang 0.1-13.1 4.87 30.03 34.90 OK
r-devel-linux-x86_64-debian-gcc 0.1-13.1 3.72 22.91 26.63 OK
r-devel-linux-x86_64-fedora-clang 0.1-13.1 44.38 NOTE
r-devel-linux-x86_64-fedora-gcc 0.1-13.1 41.67 NOTE
r-devel-windows-x86_64 0.1-13.1 10.00 50.00 60.00 OK
r-patched-linux-x86_64 0.1-13.1 4.84 28.52 33.36 OK
r-release-linux-x86_64 0.1-13.1 4.31 28.49 32.80 OK
r-release-macos-arm64 0.1-13.1 20.00 OK
r-release-macos-x86_64 0.1-13.1 26.00 OK
r-release-windows-x86_64 0.1-13.1 11.00 49.00 60.00 OK
r-oldrel-macos-arm64 0.1-13.1 30.00 OK
r-oldrel-macos-x86_64 0.1-13.1 27.00 OK
r-oldrel-windows-x86_64 0.1-13.1 10.00 47.00 57.00 OK

Check Details

Version: 0.1-13.1
Check: compiled code
Result: NOTE File ‘tseriesChaos/libs/tseriesChaos.so’: Found no calls to: ‘R_registerRoutines’, ‘R_useDynamicSymbols’ It is good practice to register native routines and to disable symbol search. See ‘Writing portable packages’ in the ‘Writing R Extensions’ manual. Flavors: r-devel-linux-x86_64-fedora-clang, r-devel-linux-x86_64-fedora-gcc