CRAN Package Check Results for Package tsibbletalk

Last updated on 2021-09-23 20:52:33 CEST.

Flavor Version Tinstall Tcheck Ttotal Status Flags
r-devel-linux-x86_64-debian-clang 0.1.0 11.79 75.98 87.77 OK
r-devel-linux-x86_64-debian-gcc 0.1.0 8.93 57.63 66.56 OK
r-devel-linux-x86_64-fedora-clang 0.1.0 110.76 NOTE
r-devel-linux-x86_64-fedora-gcc 0.1.0 101.40 NOTE
r-devel-windows-x86_64 0.1.0 13.00 74.00 87.00 OK
r-devel-windows-x86_64-gcc10-UCRT 0.1.0 NOTE
r-patched-linux-x86_64 0.1.0 11.79 73.56 85.35 OK
r-patched-solaris-x86 0.1.0 140.60 NOTE
r-release-linux-x86_64 0.1.0 10.62 71.35 81.97 OK
r-release-macos-arm64 0.1.0 NOTE
r-release-macos-x86_64 0.1.0 NOTE
r-release-windows-ix86+x86_64 0.1.0 23.00 71.00 94.00 OK
r-oldrel-macos-x86_64 0.1.0 NOTE
r-oldrel-windows-ix86+x86_64 0.1.0 17.00 72.00 89.00 OK

Check Details

Version: 0.1.0
Check: dependencies in R code
Result: NOTE
    Namespaces in Imports field not imported from:
     ‘R6’ ‘crosstalk’
     All declared Imports should be used.
Flavors: r-devel-linux-x86_64-fedora-clang, r-devel-linux-x86_64-fedora-gcc, r-devel-windows-x86_64-gcc10-UCRT, r-patched-solaris-x86, r-release-macos-arm64, r-release-macos-x86_64, r-oldrel-macos-x86_64