CRAN Package Check Results for Package tsibbletalk

Last updated on 2024-02-23 00:59:44 CET.

Flavor Version Tinstall Tcheck Ttotal Status Flags
r-devel-linux-x86_64-debian-clang 0.1.0 OK
r-devel-linux-x86_64-debian-gcc 0.1.0 9.46 62.82 72.28 OK
r-devel-linux-x86_64-fedora-clang 0.1.0 119.12 NOTE
r-devel-linux-x86_64-fedora-gcc 0.1.0 111.31 NOTE
r-devel-windows-x86_64 0.1.0 11.00 81.00 92.00 OK
r-patched-linux-x86_64 0.1.0 10.92 80.36 91.28 OK
r-release-linux-x86_64 0.1.0 8.12 79.07 87.19 OK
r-release-macos-arm64 0.1.0 38.00 OK
r-release-macos-x86_64 0.1.0 58.00 OK
r-release-windows-x86_64 0.1.0 14.00 99.00 113.00 OK
r-oldrel-macos-arm64 0.1.0 35.00 NOTE
r-oldrel-windows-x86_64 0.1.0 16.00 100.00 116.00 OK

Check Details

Version: 0.1.0
Check: dependencies in R code
Result: NOTE Namespaces in Imports field not imported from: ‘R6’ ‘crosstalk’ All declared Imports should be used. Flavors: r-devel-linux-x86_64-fedora-clang, r-devel-linux-x86_64-fedora-gcc, r-oldrel-macos-arm64