CRAN Package Check Results for Package tubern

Last updated on 2021-10-25 04:54:27 CEST.

Flavor Version Tinstall Tcheck Ttotal Status Flags
r-devel-linux-x86_64-debian-clang 0.1.0 2.31 27.66 29.97 NOTE
r-devel-linux-x86_64-debian-gcc 0.1.0 1.85 22.01 23.86 NOTE
r-devel-linux-x86_64-fedora-clang 0.1.0 47.42 NOTE
r-devel-linux-x86_64-fedora-gcc 0.1.0 36.31 NOTE
r-devel-windows-x86_64 0.1.0 5.00 40.00 45.00 NOTE
r-devel-windows-x86_64-gcc10-UCRT 0.1.0 NOTE
r-patched-linux-x86_64 0.1.0 5.53 26.59 32.12 NOTE
r-patched-solaris-x86 0.1.0 56.60 NOTE
r-release-linux-x86_64 0.1.0 2.08 26.75 28.83 NOTE
r-release-macos-arm64 0.1.0 NOTE
r-release-macos-x86_64 0.1.0 NOTE
r-release-windows-ix86+x86_64 0.1.0 5.00 50.00 55.00 NOTE
r-oldrel-macos-x86_64 0.1.0 OK
r-oldrel-windows-ix86+x86_64 0.1.0 5.00 46.00 51.00 OK

Check Details

Version: 0.1.0
Check: LazyData
Result: NOTE
     'LazyData' is specified without a 'data' directory
Flavors: r-devel-linux-x86_64-debian-clang, r-devel-linux-x86_64-debian-gcc, r-devel-linux-x86_64-fedora-clang, r-devel-linux-x86_64-fedora-gcc, r-devel-windows-x86_64, r-devel-windows-x86_64-gcc10-UCRT, r-patched-linux-x86_64, r-patched-solaris-x86, r-release-linux-x86_64, r-release-macos-arm64, r-release-macos-x86_64, r-release-windows-ix86+x86_64