Last updated on 2024-07-18 00:55:09 CEST.
Flavor | Version | Tinstall | Tcheck | Ttotal | Status | Flags |
---|---|---|---|---|---|---|
r-devel-linux-x86_64-debian-clang | 0.7 | 9.57 | 132.21 | 141.78 | OK | |
r-devel-linux-x86_64-debian-gcc | 0.7 | 9.28 | 98.17 | 107.45 | OK | |
r-devel-linux-x86_64-fedora-clang | 0.7 | 187.91 | NOTE | |||
r-devel-linux-x86_64-fedora-gcc | 0.7 | 165.74 | OK | |||
r-devel-windows-x86_64 | 0.7 | 12.00 | 115.00 | 127.00 | OK | |
r-patched-linux-x86_64 | 0.7 | 10.17 | 121.18 | 131.35 | OK | |
r-release-linux-x86_64 | 0.7 | 10.50 | 127.31 | 137.81 | OK | |
r-release-macos-arm64 | 0.7 | 51.00 | OK | |||
r-release-macos-x86_64 | 0.7 | 83.00 | OK | |||
r-release-windows-x86_64 | 0.7 | 12.00 | 116.00 | 128.00 | OK | |
r-oldrel-macos-arm64 | 0.7 | 58.00 | OK | |||
r-oldrel-macos-x86_64 | 0.7 | 136.00 | OK | |||
r-oldrel-windows-x86_64 | 0.7 | 15.00 | 139.00 | 154.00 | OK |
Version: 0.7
Check: Rd cross-references
Result: NOTE
Undeclared package ‘randomForest’ in Rd xrefs
Flavor: r-devel-linux-x86_64-fedora-clang