Last updated on 2024-04-19 16:59:01 CEST.
Flavor | Version | Tinstall | Tcheck | Ttotal | Status | Flags |
---|---|---|---|---|---|---|
r-devel-linux-x86_64-debian-clang | 1.0 | 12.23 | 498.50 | 510.73 | OK | |
r-devel-linux-x86_64-debian-gcc | 1.0 | OK | ||||
r-devel-linux-x86_64-fedora-clang | 1.0 | 784.79 | NOTE | |||
r-devel-linux-x86_64-fedora-gcc | 1.0 | 967.56 | OK | |||
r-prerel-macos-arm64 | 1.0 | 279.00 | OK | |||
r-prerel-windows-x86_64 | 1.0 | 11.00 | 298.00 | 309.00 | OK | |
r-patched-linux-x86_64 | 1.0 | 15.14 | 1069.63 | 1084.77 | OK | |
r-release-linux-x86_64 | 1.0 | 10.06 | 1091.52 | 1101.58 | OK | |
r-release-macos-arm64 | 1.0 | 334.00 | OK | |||
r-release-macos-x86_64 | 1.0 | 519.00 | NOTE | |||
r-release-windows-x86_64 | 1.0 | 13.00 | 385.00 | 398.00 | OK | |
r-oldrel-macos-arm64 | 1.0 | 287.00 | OK | |||
r-oldrel-windows-x86_64 | 1.0 | 14.00 | 395.00 | 409.00 | OK |
Version: 1.0
Check: Rd cross-references
Result: NOTE
Undeclared package ‘twang’ in Rd xrefs
Flavor: r-devel-linux-x86_64-fedora-clang
Version: 1.0
Check: Rd cross-references
Result: NOTE
Package unavailable to check Rd xrefs: ‘twang’
Flavor: r-release-macos-x86_64