CRAN Package Check Results for Package tweenr

Last updated on 2021-10-24 00:51:15 CEST.

Flavor Version Tinstall Tcheck Ttotal Status Flags
r-devel-linux-x86_64-debian-clang 1.0.2 32.31 38.62 70.93 NOTE
r-devel-linux-x86_64-debian-gcc 1.0.2 20.83 30.25 51.08 NOTE
r-devel-linux-x86_64-fedora-clang 1.0.2 109.07 NOTE
r-devel-linux-x86_64-fedora-gcc 1.0.2 87.30 NOTE
r-devel-windows-x86_64 1.0.2 37.00 77.00 114.00 NOTE
r-devel-windows-x86_64-gcc10-UCRT 1.0.2 NOTE
r-patched-linux-x86_64 1.0.2 25.46 38.11 63.57 NOTE
r-patched-solaris-x86 1.0.2 100.00 NOTE
r-release-linux-x86_64 1.0.2 26.29 37.64 63.93 NOTE
r-release-macos-arm64 1.0.2 NOTE
r-release-macos-x86_64 1.0.2 NOTE
r-release-windows-ix86+x86_64 1.0.2 58.00 87.00 145.00 NOTE
r-oldrel-macos-x86_64 1.0.2 OK
r-oldrel-windows-ix86+x86_64 1.0.2 68.00 90.00 158.00 OK

Check Details

Version: 1.0.2
Check: LazyData
Result: NOTE
     'LazyData' is specified without a 'data' directory
Flavors: r-devel-linux-x86_64-debian-clang, r-devel-linux-x86_64-debian-gcc, r-devel-linux-x86_64-fedora-clang, r-devel-linux-x86_64-fedora-gcc, r-devel-windows-x86_64, r-devel-windows-x86_64-gcc10-UCRT, r-patched-linux-x86_64, r-patched-solaris-x86, r-release-linux-x86_64, r-release-macos-arm64, r-release-macos-x86_64, r-release-windows-ix86+x86_64