CRAN Package Check Results for Package twfy

Last updated on 2021-10-26 09:09:44 CEST.

Flavor Version Tinstall Tcheck Ttotal Status Flags
r-devel-linux-x86_64-debian-clang 0.1.0 2.34 23.40 25.74 NOTE
r-devel-linux-x86_64-debian-gcc 0.1.0 1.79 18.63 20.42 NOTE
r-devel-linux-x86_64-fedora-clang 0.1.0 42.25 NOTE
r-devel-linux-x86_64-fedora-gcc 0.1.0 31.69 NOTE
r-devel-windows-x86_64 0.1.0 4.00 36.00 40.00 NOTE
r-devel-windows-x86_64-gcc10-UCRT 0.1.0 NOTE
r-patched-linux-x86_64 0.1.0 2.79 22.66 25.45 NOTE
r-patched-solaris-x86 0.1.0 48.70 NOTE
r-release-linux-x86_64 0.1.0 2.21 22.50 24.71 NOTE
r-release-macos-arm64 0.1.0 NOTE
r-release-macos-x86_64 0.1.0 NOTE
r-release-windows-ix86+x86_64 0.1.0 4.00 40.00 44.00 NOTE
r-oldrel-macos-x86_64 0.1.0 OK
r-oldrel-windows-ix86+x86_64 0.1.0 5.00 60.00 65.00 OK

Check Details

Version: 0.1.0
Check: LazyData
Result: NOTE
     'LazyData' is specified without a 'data' directory
Flavors: r-devel-linux-x86_64-debian-clang, r-devel-linux-x86_64-debian-gcc, r-devel-linux-x86_64-fedora-clang, r-devel-linux-x86_64-fedora-gcc, r-devel-windows-x86_64, r-devel-windows-x86_64-gcc10-UCRT, r-patched-linux-x86_64, r-patched-solaris-x86, r-release-linux-x86_64, r-release-macos-arm64, r-release-macos-x86_64, r-release-windows-ix86+x86_64