CRAN Package Check Results for Package twitteR

Last updated on 2024-06-17 00:50:14 CEST.

Flavor Version Tinstall Tcheck Ttotal Status Flags
r-devel-linux-x86_64-debian-clang 1.1.9 9.06 47.15 56.21 NOTE
r-devel-linux-x86_64-debian-gcc 1.1.9 6.74 35.37 42.11 NOTE
r-devel-linux-x86_64-fedora-clang 1.1.9 68.86 NOTE
r-devel-linux-x86_64-fedora-gcc 1.1.9 66.28 NOTE
r-devel-windows-x86_64 1.1.9 8.00 57.00 65.00 NOTE
r-patched-linux-x86_64 1.1.9 11.26 45.40 56.66 NOTE
r-release-linux-x86_64 1.1.9 9.40 44.36 53.76 NOTE
r-release-macos-arm64 1.1.9 23.00 NOTE
r-release-macos-x86_64 1.1.9 35.00 NOTE
r-release-windows-x86_64 1.1.9 8.00 61.00 69.00 NOTE
r-oldrel-macos-arm64 1.1.9 29.00 NOTE
r-oldrel-macos-x86_64 1.1.9 36.00 NOTE
r-oldrel-windows-x86_64 1.1.9 11.00 67.00 78.00 NOTE

Check Details

Version: 1.1.9
Check: LazyData
Result: NOTE 'LazyData' is specified without a 'data' directory Flavors: r-devel-linux-x86_64-debian-clang, r-devel-linux-x86_64-debian-gcc, r-devel-linux-x86_64-fedora-clang, r-devel-linux-x86_64-fedora-gcc, r-devel-windows-x86_64, r-patched-linux-x86_64, r-release-linux-x86_64, r-release-macos-arm64, r-release-macos-x86_64, r-release-windows-x86_64, r-oldrel-macos-arm64, r-oldrel-macos-x86_64, r-oldrel-windows-x86_64