Last updated on 2024-03-28 15:50:04 CET.
Flavor | Version | Tinstall | Tcheck | Ttotal | Status | Flags |
---|---|---|---|---|---|---|
r-devel-linux-x86_64-debian-clang | 1.0.2 | 12.23 | 100.55 | 112.78 | NOTE | |
r-devel-linux-x86_64-debian-gcc | 1.0.2 | 6.47 | 75.60 | 82.07 | NOTE | |
r-devel-linux-x86_64-fedora-clang | 1.0.2 | 149.83 | NOTE | |||
r-devel-linux-x86_64-fedora-gcc | 1.0.2 | 144.49 | NOTE | |||
r-devel-windows-x86_64 | 1.0.2 | 11.00 | 89.00 | 100.00 | NOTE | |
r-patched-linux-x86_64 | 1.0.2 | 12.05 | 94.18 | 106.23 | NOTE | |
r-release-linux-x86_64 | 1.0.2 | 9.46 | 95.97 | 105.43 | OK | |
r-release-macos-arm64 | 1.0.2 | 44.00 | OK | |||
r-release-macos-x86_64 | 1.0.2 | 73.00 | OK | |||
r-release-windows-x86_64 | 1.0.2 | 14.00 | 112.00 | 126.00 | OK | |
r-oldrel-macos-arm64 | 1.0.2 | 40.00 | OK | |||
r-oldrel-windows-x86_64 | 1.0.2 | 14.00 | 109.00 | 123.00 | OK |
Version: 1.0.2
Check: Rd files
Result: NOTE
checkRd: (-1) twosigmag.Rd:83: Lost braces in \itemize; \value handles \item{}{} directly
checkRd: (-1) twosigmag.Rd:84: Lost braces in \itemize; \value handles \item{}{} directly
checkRd: (-1) twosigmag.Rd:85: Lost braces in \itemize; \value handles \item{}{} directly
checkRd: (-1) twosigmag.Rd:86: Lost braces in \itemize; \value handles \item{}{} directly
checkRd: (-1) twosigmag.Rd:87: Lost braces in \itemize; \value handles \item{}{} directly
checkRd: (-1) twosigmag.Rd:88: Lost braces in \itemize; \value handles \item{}{} directly
checkRd: (-1) twosigmag.Rd:89: Lost braces in \itemize; \value handles \item{}{} directly
checkRd: (-1) twosigmag.Rd:90: Lost braces in \itemize; \value handles \item{}{} directly
checkRd: (-1) twosigmag.Rd:91: Lost braces in \itemize; \value handles \item{}{} directly
checkRd: (-1) twosigmag.Rd:92: Lost braces in \itemize; \value handles \item{}{} directly
checkRd: (-1) twosigmag.Rd:94: Lost braces in \itemize; \value handles \item{}{} directly
checkRd: (-1) twosigmag.Rd:95: Lost braces in \itemize; \value handles \item{}{} directly
checkRd: (-1) twosigmag.Rd:96: Lost braces in \itemize; \value handles \item{}{} directly
Flavors: r-devel-linux-x86_64-debian-clang, r-devel-linux-x86_64-debian-gcc, r-devel-linux-x86_64-fedora-clang, r-devel-linux-x86_64-fedora-gcc, r-devel-windows-x86_64, r-patched-linux-x86_64