Last updated on 2024-04-18 01:03:22 CEST.
Flavor | Version | Tinstall | Tcheck | Ttotal | Status | Flags |
---|---|---|---|---|---|---|
r-devel-linux-x86_64-debian-clang | 0.3.8 | 12.89 | 226.13 | 239.02 | NOTE | |
r-devel-linux-x86_64-debian-gcc | 0.3.8 | 10.82 | 161.16 | 171.98 | NOTE | |
r-devel-linux-x86_64-fedora-clang | 0.3.8 | 290.77 | NOTE | |||
r-devel-linux-x86_64-fedora-gcc | 0.3.8 | 287.38 | NOTE | |||
r-prerel-macos-arm64 | 0.3.8 | 72.00 | NOTE | |||
r-prerel-windows-x86_64 | 0.3.8 | 13.00 | 173.00 | 186.00 | NOTE | |
r-patched-linux-x86_64 | 0.3.8 | 12.49 | 211.73 | 224.22 | NOTE | |
r-release-linux-x86_64 | 0.3.8 | 8.68 | 209.98 | 218.66 | NOTE | |
r-release-macos-arm64 | 0.3.8 | 85.00 | NOTE | |||
r-release-macos-x86_64 | 0.3.8 | 140.00 | NOTE | |||
r-release-windows-x86_64 | 0.3.8 | 19.00 | 220.00 | 239.00 | NOTE | |
r-oldrel-macos-arm64 | 0.3.8 | 68.00 | NOTE | |||
r-oldrel-windows-x86_64 | 0.3.8 | 18.00 | 212.00 | 230.00 | NOTE |
Version: 0.3.8
Check: package dependencies
Result: NOTE
Package which this enhances but not available for checking: ‘sl3’
Flavors: r-devel-linux-x86_64-debian-clang, r-devel-linux-x86_64-debian-gcc, r-devel-linux-x86_64-fedora-clang, r-devel-linux-x86_64-fedora-gcc, r-prerel-macos-arm64, r-prerel-windows-x86_64, r-patched-linux-x86_64, r-release-linux-x86_64, r-release-macos-arm64, r-release-macos-x86_64, r-release-windows-x86_64, r-oldrel-macos-arm64, r-oldrel-windows-x86_64
Version: 0.3.8
Check: Rd files
Result: NOTE
checkRd: (-1) est_g_exp.Rd:55: Lost braces; missing escapes or markup?
55 | {A - delta}, {A + delta}, and {A + 2 * delta}).
| ^
checkRd: (-1) est_g_exp.Rd:55: Lost braces; missing escapes or markup?
55 | {A - delta}, {A + delta}, and {A + 2 * delta}).
| ^
checkRd: (-1) est_g_exp.Rd:55: Lost braces; missing escapes or markup?
55 | {A - delta}, {A + delta}, and {A + 2 * delta}).
| ^
Flavors: r-devel-linux-x86_64-debian-clang, r-devel-linux-x86_64-debian-gcc, r-devel-linux-x86_64-fedora-clang, r-devel-linux-x86_64-fedora-gcc, r-prerel-macos-arm64, r-prerel-windows-x86_64, r-patched-linux-x86_64