Last updated on 2024-04-18 08:54:53 CEST.
Flavor | Version | Tinstall | Tcheck | Ttotal | Status | Flags |
---|---|---|---|---|---|---|
r-devel-linux-x86_64-debian-clang | 1.2.6 | 757.60 | 317.72 | 1075.32 | NOTE | |
r-devel-linux-x86_64-debian-gcc | 1.2.6 | 651.83 | 268.92 | 920.75 | NOTE | |
r-devel-linux-x86_64-fedora-clang | 1.2.6 | 1328.86 | NOTE | |||
r-devel-linux-x86_64-fedora-gcc | 1.2.6 | 1666.18 | NOTE | |||
r-prerel-macos-arm64 | 1.2.6 | 315.00 | NOTE | |||
r-prerel-windows-x86_64 | 1.2.6 | 424.00 | 290.00 | 714.00 | NOTE | |
r-patched-linux-x86_64 | 1.2.6 | 660.23 | 342.75 | 1002.98 | NOTE | |
r-release-linux-x86_64 | 1.2.6 | 673.46 | 347.58 | 1021.04 | NOTE | |
r-release-macos-arm64 | 1.2.6 | 535.00 | NOTE | |||
r-release-macos-x86_64 | 1.2.6 | 546.00 | NOTE | |||
r-release-windows-x86_64 | 1.2.6 | 554.00 | 371.00 | 925.00 | NOTE | |
r-oldrel-macos-arm64 | 1.2.6 | 424.00 | NOTE | |||
r-oldrel-windows-x86_64 | 1.2.6 | 691.00 | 342.00 | 1033.00 | NOTE |
Version: 1.2.6
Check: for GNU extensions in Makefiles
Result: NOTE
GNU make is a SystemRequirements.
Flavors: r-devel-linux-x86_64-debian-clang, r-devel-linux-x86_64-debian-gcc, r-devel-linux-x86_64-fedora-clang, r-devel-linux-x86_64-fedora-gcc, r-prerel-macos-arm64, r-prerel-windows-x86_64, r-patched-linux-x86_64, r-release-linux-x86_64, r-release-macos-arm64, r-release-macos-x86_64, r-release-windows-x86_64, r-oldrel-macos-arm64, r-oldrel-windows-x86_64
Version: 1.2.6
Check: installed package size
Result: NOTE
installed size is 8.5Mb
sub-directories of 1Mb or more:
R 1.4Mb
doc 1.0Mb
libs 5.8Mb
Flavors: r-devel-linux-x86_64-fedora-clang, r-prerel-macos-arm64, r-prerel-windows-x86_64, r-release-macos-arm64, r-release-macos-x86_64, r-release-windows-x86_64, r-oldrel-macos-arm64, r-oldrel-windows-x86_64