CRAN Package Check Results for Package ukgasapi

Last updated on 2021-11-30 20:49:33 CET.

Flavor Version Tinstall Tcheck Ttotal Status Flags
r-devel-linux-x86_64-debian-clang 0.21 2.13 22.08 24.21 NOTE
r-devel-linux-x86_64-debian-gcc 0.21 1.31 17.71 19.02 NOTE
r-devel-linux-x86_64-fedora-clang 0.21 42.73 NOTE
r-devel-linux-x86_64-fedora-gcc 0.21 29.77 NOTE
r-devel-windows-x86_64-new-UL 0.21 6.00 60.00 66.00 NOTE
r-devel-windows-x86_64-new-TK 0.21 NOTE
r-devel-windows-x86_64-old 0.21 4.00 30.00 34.00 NOTE
r-patched-linux-x86_64 0.21 1.93 21.17 23.10 NOTE
r-patched-solaris-x86 0.21 45.80 NOTE
r-release-linux-x86_64 0.21 1.90 20.93 22.83 NOTE
r-release-macos-arm64 0.21 NOTE
r-release-macos-x86_64 0.21 NOTE
r-release-windows-ix86+x86_64 0.21 5.00 29.00 34.00 NOTE
r-oldrel-macos-x86_64 0.21 OK
r-oldrel-windows-ix86+x86_64 0.21 4.00 29.00 33.00 OK

Check Details

Version: 0.21
Check: LazyData
Result: NOTE
     'LazyData' is specified without a 'data' directory
Flavors: r-devel-linux-x86_64-debian-clang, r-devel-linux-x86_64-debian-gcc, r-devel-linux-x86_64-fedora-clang, r-devel-linux-x86_64-fedora-gcc, r-devel-windows-x86_64-new-UL, r-devel-windows-x86_64-new-TK, r-devel-windows-x86_64-old, r-patched-linux-x86_64, r-patched-solaris-x86, r-release-linux-x86_64, r-release-macos-arm64, r-release-macos-x86_64, r-release-windows-ix86+x86_64