CRAN Package Check Results for Package ukgasapi

Last updated on 2023-05-28 23:14:13 CEST.

Flavor Version Tinstall Tcheck Ttotal Status Flags
r-devel-linux-x86_64-debian-clang 0.21 1.95 22.80 24.75 NOTE
r-devel-linux-x86_64-debian-gcc 0.21 1.74 18.24 19.98 NOTE
r-devel-linux-x86_64-fedora-clang 0.21 34.51 NOTE
r-devel-linux-x86_64-fedora-gcc 0.21 42.71 NOTE
r-devel-windows-x86_64 0.21 3.00 43.00 46.00 NOTE
r-patched-linux-x86_64 0.21 2.21 22.64 24.85 NOTE
r-release-linux-x86_64 0.21 1.78 22.44 24.22 NOTE
r-release-macos-arm64 0.21 23.00 NOTE
r-release-macos-x86_64 0.21 39.00 NOTE
r-release-windows-x86_64 0.21 3.00 45.00 48.00 NOTE
r-oldrel-macos-arm64 0.21 15.00 NOTE
r-oldrel-macos-x86_64 0.21 24.00 NOTE
r-oldrel-windows-x86_64 0.21 4.00 47.00 51.00 NOTE

Check Details

Version: 0.21
Check: LazyData
Result: NOTE
     'LazyData' is specified without a 'data' directory
Flavors: r-devel-linux-x86_64-debian-clang, r-devel-linux-x86_64-debian-gcc, r-devel-linux-x86_64-fedora-clang, r-devel-linux-x86_64-fedora-gcc, r-devel-windows-x86_64, r-patched-linux-x86_64, r-release-linux-x86_64, r-release-macos-arm64, r-release-macos-x86_64, r-release-windows-x86_64, r-oldrel-macos-arm64, r-oldrel-macos-x86_64, r-oldrel-windows-x86_64