CRAN Package Check Results for Package ukgasapi

Last updated on 2024-05-22 16:54:06 CEST.

Flavor Version Tinstall Tcheck Ttotal Status Flags
r-devel-linux-x86_64-debian-clang 0.21 1.67 25.33 27.00 NOTE
r-devel-linux-x86_64-debian-gcc 0.21 1.65 19.86 21.51 NOTE
r-devel-linux-x86_64-fedora-clang 0.21 36.83 NOTE
r-devel-linux-x86_64-fedora-gcc 0.21 47.58 NOTE
r-devel-windows-x86_64 0.21 3.00 42.00 45.00 NOTE
r-patched-linux-x86_64 0.21 1.62 25.01 26.63 NOTE
r-release-linux-x86_64 0.21 1.85 24.97 26.82 NOTE
r-release-macos-arm64 0.21 21.00 NOTE
r-release-windows-x86_64 0.21 3.00 44.00 47.00 NOTE
r-oldrel-macos-arm64 0.21 23.00 NOTE
r-oldrel-macos-x86_64 0.21 39.00 NOTE
r-oldrel-windows-x86_64 0.21 4.00 43.00 47.00 NOTE

Check Details

Version: 0.21
Check: LazyData
Result: NOTE 'LazyData' is specified without a 'data' directory Flavors: r-devel-linux-x86_64-debian-clang, r-devel-linux-x86_64-debian-gcc, r-devel-linux-x86_64-fedora-clang, r-devel-linux-x86_64-fedora-gcc, r-devel-windows-x86_64, r-patched-linux-x86_64, r-release-linux-x86_64, r-release-macos-arm64, r-release-windows-x86_64, r-oldrel-macos-arm64, r-oldrel-macos-x86_64, r-oldrel-windows-x86_64