CRAN Package Check Results for Package umap

Last updated on 2021-12-05 08:51:14 CET.

Flavor Version Tinstall Tcheck Ttotal Status Flags
r-devel-linux-x86_64-debian-clang 0.2.7.0 31.20 111.23 142.43 NOTE
r-devel-linux-x86_64-debian-gcc 0.2.7.0 23.68 83.75 107.43 NOTE
r-devel-linux-x86_64-fedora-clang 0.2.7.0 198.67 NOTE
r-devel-linux-x86_64-fedora-gcc 0.2.7.0 171.55 NOTE
r-devel-windows-x86_64-new-UL 0.2.7.0 50.00 176.00 226.00 NOTE
r-devel-windows-x86_64-new-TK 0.2.7.0 NOTE
r-devel-windows-x86_64-old 0.2.7.0 45.00 108.00 153.00 NOTE
r-patched-linux-x86_64 0.2.7.0 28.23 100.04 128.27 NOTE
r-release-linux-x86_64 0.2.7.0 25.63 107.79 133.42 NOTE
r-release-macos-arm64 0.2.7.0 NOTE
r-release-macos-x86_64 0.2.7.0 NOTE
r-release-windows-ix86+x86_64 0.2.7.0 80.00 192.00 272.00 NOTE
r-oldrel-macos-x86_64 0.2.7.0 OK
r-oldrel-windows-ix86+x86_64 0.2.7.0 81.00 203.00 284.00 OK

Check Details

Version: 0.2.7.0
Check: LazyData
Result: NOTE
     'LazyData' is specified without a 'data' directory
Flavors: r-devel-linux-x86_64-debian-clang, r-devel-linux-x86_64-debian-gcc, r-devel-linux-x86_64-fedora-clang, r-devel-linux-x86_64-fedora-gcc, r-devel-windows-x86_64-new-UL, r-devel-windows-x86_64-new-TK, r-devel-windows-x86_64-old, r-patched-linux-x86_64, r-release-linux-x86_64, r-release-macos-arm64, r-release-macos-x86_64, r-release-windows-ix86+x86_64