CRAN Package Check Results for Package unisensR

Last updated on 2023-06-08 08:55:37 CEST.

Flavor Version Tinstall Tcheck Ttotal Status Flags
r-devel-linux-x86_64-debian-clang 0.3.3 2.03 34.55 36.58 NOTE
r-devel-linux-x86_64-debian-gcc 0.3.3 2.06 27.45 29.51 NOTE
r-devel-linux-x86_64-fedora-clang 0.3.3 47.26 NOTE
r-devel-linux-x86_64-fedora-gcc 0.3.3 45.20 NOTE
r-devel-windows-x86_64 0.3.3 4.00 51.00 55.00 NOTE
r-patched-linux-x86_64 0.3.3 2.37 34.34 36.71 NOTE
r-release-linux-x86_64 0.3.3 1.76 34.43 36.19 NOTE
r-release-macos-arm64 0.3.3 22.00 NOTE
r-release-macos-x86_64 0.3.3 31.00 NOTE
r-release-windows-x86_64 0.3.3 4.00 54.00 58.00 NOTE
r-oldrel-macos-arm64 0.3.3 20.00 NOTE
r-oldrel-macos-x86_64 0.3.3 29.00 NOTE
r-oldrel-windows-x86_64 0.3.3 4.00 54.00 58.00 NOTE

Check Details

Version: 0.3.3
Check: LazyData
Result: NOTE
     'LazyData' is specified without a 'data' directory
Flavors: r-devel-linux-x86_64-debian-clang, r-devel-linux-x86_64-debian-gcc, r-devel-linux-x86_64-fedora-clang, r-devel-linux-x86_64-fedora-gcc, r-devel-windows-x86_64, r-patched-linux-x86_64, r-release-linux-x86_64, r-release-macos-arm64, r-release-macos-x86_64, r-release-windows-x86_64, r-oldrel-macos-arm64, r-oldrel-macos-x86_64, r-oldrel-windows-x86_64