Last updated on 2023-12-09 08:50:00 CET.
Flavor | Version | Tinstall | Tcheck | Ttotal | Status | Flags |
---|---|---|---|---|---|---|
r-devel-linux-x86_64-debian-clang | 0.4 | 5.93 | 42.42 | 48.35 | NOTE | |
r-devel-linux-x86_64-debian-gcc | 0.4 | 4.87 | 32.92 | 37.79 | NOTE | |
r-devel-linux-x86_64-fedora-clang | 0.4 | 61.69 | NOTE | |||
r-devel-linux-x86_64-fedora-gcc | 0.4 | 71.14 | NOTE | |||
r-devel-windows-x86_64 | 0.4 | 6.00 | 61.00 | 67.00 | NOTE | |
r-patched-linux-x86_64 | 0.4 | 4.37 | 41.93 | 46.30 | NOTE | |
r-release-linux-x86_64 | 0.4 | 6.06 | 40.58 | 46.64 | NOTE | |
r-release-macos-arm64 | 0.4 | 32.00 | NOTE | |||
r-release-macos-x86_64 | 0.4 | 44.00 | NOTE | |||
r-release-windows-x86_64 | 0.4 | 8.00 | 62.00 | 70.00 | NOTE | |
r-oldrel-macos-arm64 | 0.4 | 23.00 | NOTE | |||
r-oldrel-macos-x86_64 | 0.4 | 33.00 | NOTE | |||
r-oldrel-windows-x86_64 | 0.4 | 8.00 | 65.00 | 73.00 | NOTE |
Version: 0.4
Check: Rd files
Result: NOTE
checkRd: (-1) simRedCard.Rd:22: Lost braces in \itemize; \value handles \item{}{} directly
checkRd: (-1) simRedCard.Rd:23: Lost braces in \itemize; \value handles \item{}{} directly
Flavors: r-devel-linux-x86_64-debian-clang, r-devel-linux-x86_64-debian-gcc
Version: 0.4
Check: LazyData
Result: NOTE
'LazyData' is specified without a 'data' directory
Flavors: r-devel-linux-x86_64-debian-clang, r-devel-linux-x86_64-debian-gcc, r-devel-linux-x86_64-fedora-clang, r-devel-linux-x86_64-fedora-gcc, r-devel-windows-x86_64, r-patched-linux-x86_64, r-release-linux-x86_64, r-release-macos-arm64, r-release-macos-x86_64, r-release-windows-x86_64, r-oldrel-macos-arm64, r-oldrel-macos-x86_64, r-oldrel-windows-x86_64