Last updated on 2023-06-09 10:04:28 CEST.
Flavor | Version | Tinstall | Tcheck | Ttotal | Status | Flags |
---|---|---|---|---|---|---|
r-devel-linux-x86_64-debian-clang | 1.2.5 | 505.47 | 314.70 | 820.17 | NOTE | |
r-devel-linux-x86_64-debian-gcc | 1.2.5 | 412.19 | 261.31 | 673.50 | NOTE | |
r-devel-linux-x86_64-fedora-clang | 1.2.5 | 1114.69 | NOTE | |||
r-devel-linux-x86_64-fedora-gcc | 1.2.5 | 1181.95 | NOTE | |||
r-devel-windows-x86_64 | 1.2.5 | 367.00 | 308.00 | 675.00 | NOTE | |
r-patched-linux-x86_64 | 1.2.5 | 438.47 | 292.35 | 730.82 | NOTE | |
r-release-linux-x86_64 | 1.2.5 | 378.60 | 298.83 | 677.43 | NOTE | |
r-release-macos-arm64 | 1.2.5 | 293.00 | NOTE | |||
r-release-macos-x86_64 | 1.2.5 | 452.00 | NOTE | |||
r-release-windows-x86_64 | 1.2.5 | 480.00 | 375.00 | 855.00 | NOTE | |
r-oldrel-macos-arm64 | 1.2.5 | 233.00 | NOTE | |||
r-oldrel-macos-x86_64 | 1.2.5 | 330.00 | NOTE | |||
r-oldrel-windows-x86_64 | 1.2.5 | 452.00 | 355.00 | 807.00 | NOTE |
Version: 1.2.5
Check: for GNU extensions in Makefiles
Result: NOTE
GNU make is a SystemRequirements.
Flavors: r-devel-linux-x86_64-debian-clang, r-devel-linux-x86_64-debian-gcc, r-devel-linux-x86_64-fedora-clang, r-devel-linux-x86_64-fedora-gcc, r-devel-windows-x86_64, r-patched-linux-x86_64, r-release-linux-x86_64, r-release-macos-arm64, r-release-macos-x86_64, r-release-windows-x86_64, r-oldrel-macos-arm64, r-oldrel-macos-x86_64, r-oldrel-windows-x86_64
Version: 1.2.5
Check: installed package size
Result: NOTE
installed size is 5.1Mb
sub-directories of 1Mb or more:
R 1.3Mb
libs 2.2Mb
Flavors: r-devel-linux-x86_64-fedora-clang, r-devel-windows-x86_64, r-release-macos-arm64, r-release-macos-x86_64, r-release-windows-x86_64, r-oldrel-macos-arm64, r-oldrel-macos-x86_64, r-oldrel-windows-x86_64
Version: 1.2.5
Check: package dependencies
Result: NOTE
Package suggested but not available for checking: ‘raster’
Flavor: r-release-macos-x86_64